{"id":567,"date":"2024-01-15T09:56:11","date_gmt":"2024-01-15T09:56:11","guid":{"rendered":"https:\/\/termaly-male-bielice.ms2.decms.eu\/?page_id=567"},"modified":"2025-05-21T13:17:40","modified_gmt":"2025-05-21T13:17:40","slug":"letny-bazen","status":"publish","type":"page","link":"https:\/\/www.termalymalebielice.com\/sk\/wellness-spa-centrum\/letny-bazen\/","title":{"rendered":"Letn\u00fd baz\u00e9n"},"content":{"rendered":"<p style=\"text-align: center\"><span class=\"jCAhz ChMk0b\"><span class=\"ryNqvb\">Letn\u00fd baz\u00e9n sa vyu\u017e\u00edva iba v letn\u00fdch mesiacoch.<\/span><\/span> <span class=\"jCAhz ChMk0b\"><span class=\"ryNqvb\">H\u013abka vody je 1.2m. Teplota vody 25-30\u00a0\u00b0C.<\/span><\/span><\/p>\n","protected":false},"excerpt":{"rendered":"<p>Letn\u00fd baz\u00e9n sa vyu\u017e\u00edva iba v letn\u00fdch mesiacoch. H\u013abka vody je 1.2m. Teplota vody 25-30\u00a0\u00b0C.<\/p>\n","protected":false},"author":46,"featured_media":0,"parent":233,"menu_order":0,"comment_status":"closed","ping_status":"closed","template":"template-single-spa.php","meta":{"footnotes":""},"yoast_head":"<!-- This site is optimized with the Yoast SEO plugin v22.3 - https:\/\/yoast.com\/wordpress\/plugins\/seo\/ -->\n<title>Letn\u00fd baz\u00e9n - Termaly Male Bielice -<\/title>\n<meta name=\"description\" content=\"Letn\u00fd baz\u00e9n sa vyu\u017e\u00edva iba v letn\u00fdch mesiacoch. H\u013abka vody je 1.2m. T\u011b\u0161\u00edme sa na Va\u0161u n\u00e1v\u0161t\u011bvu v Term\u00e1loch Mal\u00e9 Bielice.\" \/>\n<meta name=\"robots\" content=\"index, follow, max-snippet:-1, max-image-preview:large, max-video-preview:-1\" \/>\n<link rel=\"canonical\" href=\"https:\/\/www.termalymalebielice.com\/sk\/wellness-spa-centrum\/letny-bazen\/\" \/>\n<meta property=\"og:locale\" content=\"sk_SK\" \/>\n<meta property=\"og:type\" content=\"article\" \/>\n<meta property=\"og:title\" content=\"Letn\u00fd baz\u00e9n - Termaly Male Bielice -\" \/>\n<meta property=\"og:description\" content=\"Letn\u00fd baz\u00e9n sa vyu\u017e\u00edva iba v letn\u00fdch mesiacoch. H\u013abka vody je 1.2m. T\u011b\u0161\u00edme sa na Va\u0161u n\u00e1v\u0161t\u011bvu v Term\u00e1loch Mal\u00e9 Bielice.\" \/>\n<meta property=\"og:url\" content=\"https:\/\/www.termalymalebielice.com\/sk\/wellness-spa-centrum\/letny-bazen\/\" \/>\n<meta property=\"og:site_name\" content=\"Termaly Male Bielice\" \/>\n<meta property=\"article:modified_time\" content=\"2025-05-21T13:17:40+00:00\" \/>\n<meta name=\"twitter:card\" content=\"summary_large_image\" \/>\n<meta name=\"twitter:label1\" content=\"Predpokladan\u00fd \u010das \u010d\u00edtania\" \/>\n\t<meta name=\"twitter:data1\" content=\"1 min\u00fata\" \/>\n<script type=\"application\/ld+json\" class=\"yoast-schema-graph\">{\"@context\":\"https:\/\/schema.org\",\"@graph\":[{\"@type\":\"WebPage\",\"@id\":\"https:\/\/www.termalymalebielice.com\/sk\/wellness-spa-centrum\/letny-bazen\/\",\"url\":\"https:\/\/www.termalymalebielice.com\/sk\/wellness-spa-centrum\/letny-bazen\/\",\"name\":\"Letn\u00fd baz\u00e9n - Termaly Male Bielice -\",\"isPartOf\":{\"@id\":\"https:\/\/www.termalymalebielice.com\/sk\/#website\"},\"datePublished\":\"2024-01-15T09:56:11+00:00\",\"dateModified\":\"2025-05-21T13:17:40+00:00\",\"description\":\"Letn\u00fd baz\u00e9n sa vyu\u017e\u00edva iba v letn\u00fdch mesiacoch. H\u013abka vody je 1.2m. T\u011b\u0161\u00edme sa na Va\u0161u n\u00e1v\u0161t\u011bvu v Term\u00e1loch Mal\u00e9 Bielice.\",\"breadcrumb\":{\"@id\":\"https:\/\/www.termalymalebielice.com\/sk\/wellness-spa-centrum\/letny-bazen\/#breadcrumb\"},\"inLanguage\":\"sk-SK\",\"potentialAction\":[{\"@type\":\"ReadAction\",\"target\":[\"https:\/\/www.termalymalebielice.com\/sk\/wellness-spa-centrum\/letny-bazen\/\"]}]},{\"@type\":\"BreadcrumbList\",\"@id\":\"https:\/\/www.termalymalebielice.com\/sk\/wellness-spa-centrum\/letny-bazen\/#breadcrumb\",\"itemListElement\":[{\"@type\":\"ListItem\",\"position\":1,\"name\":\"Home\",\"item\":\"https:\/\/www.termalymalebielice.com\/sk\/\"},{\"@type\":\"ListItem\",\"position\":2,\"name\":\"Wellness\",\"item\":\"https:\/\/www.termalymalebielice.com\/sk\/wellness-spa-centrum\/\"},{\"@type\":\"ListItem\",\"position\":3,\"name\":\"Letn\u00fd baz\u00e9n\"}]},{\"@type\":\"WebSite\",\"@id\":\"https:\/\/www.termalymalebielice.com\/sk\/#website\",\"url\":\"https:\/\/www.termalymalebielice.com\/sk\/\",\"name\":\"Termaly Male Bielice\",\"description\":\"\",\"potentialAction\":[{\"@type\":\"SearchAction\",\"target\":{\"@type\":\"EntryPoint\",\"urlTemplate\":\"https:\/\/www.termalymalebielice.com\/sk\/?s={search_term_string}\"},\"query-input\":\"required name=search_term_string\"}],\"inLanguage\":\"sk-SK\"}]}<\/script>\n<!-- \/ Yoast SEO plugin. -->","yoast_head_json":{"title":"Letn\u00fd baz\u00e9n - Termaly Male Bielice -","description":"Letn\u00fd baz\u00e9n sa vyu\u017e\u00edva iba v letn\u00fdch mesiacoch. H\u013abka vody je 1.2m. T\u011b\u0161\u00edme sa na Va\u0161u n\u00e1v\u0161t\u011bvu v Term\u00e1loch Mal\u00e9 Bielice.","robots":{"index":"index","follow":"follow","max-snippet":"max-snippet:-1","max-image-preview":"max-image-preview:large","max-video-preview":"max-video-preview:-1"},"canonical":"https:\/\/www.termalymalebielice.com\/sk\/wellness-spa-centrum\/letny-bazen\/","og_locale":"sk_SK","og_type":"article","og_title":"Letn\u00fd baz\u00e9n - Termaly Male Bielice -","og_description":"Letn\u00fd baz\u00e9n sa vyu\u017e\u00edva iba v letn\u00fdch mesiacoch. H\u013abka vody je 1.2m. T\u011b\u0161\u00edme sa na Va\u0161u n\u00e1v\u0161t\u011bvu v Term\u00e1loch Mal\u00e9 Bielice.","og_url":"https:\/\/www.termalymalebielice.com\/sk\/wellness-spa-centrum\/letny-bazen\/","og_site_name":"Termaly Male Bielice","article_modified_time":"2025-05-21T13:17:40+00:00","twitter_card":"summary_large_image","twitter_misc":{"Predpokladan\u00fd \u010das \u010d\u00edtania":"1 min\u00fata"},"schema":{"@context":"https:\/\/schema.org","@graph":[{"@type":"WebPage","@id":"https:\/\/www.termalymalebielice.com\/sk\/wellness-spa-centrum\/letny-bazen\/","url":"https:\/\/www.termalymalebielice.com\/sk\/wellness-spa-centrum\/letny-bazen\/","name":"Letn\u00fd baz\u00e9n - Termaly Male Bielice -","isPartOf":{"@id":"https:\/\/www.termalymalebielice.com\/sk\/#website"},"datePublished":"2024-01-15T09:56:11+00:00","dateModified":"2025-05-21T13:17:40+00:00","description":"Letn\u00fd baz\u00e9n sa vyu\u017e\u00edva iba v letn\u00fdch mesiacoch. H\u013abka vody je 1.2m. T\u011b\u0161\u00edme sa na Va\u0161u n\u00e1v\u0161t\u011bvu v Term\u00e1loch Mal\u00e9 Bielice.","breadcrumb":{"@id":"https:\/\/www.termalymalebielice.com\/sk\/wellness-spa-centrum\/letny-bazen\/#breadcrumb"},"inLanguage":"sk-SK","potentialAction":[{"@type":"ReadAction","target":["https:\/\/www.termalymalebielice.com\/sk\/wellness-spa-centrum\/letny-bazen\/"]}]},{"@type":"BreadcrumbList","@id":"https:\/\/www.termalymalebielice.com\/sk\/wellness-spa-centrum\/letny-bazen\/#breadcrumb","itemListElement":[{"@type":"ListItem","position":1,"name":"Home","item":"https:\/\/www.termalymalebielice.com\/sk\/"},{"@type":"ListItem","position":2,"name":"Wellness","item":"https:\/\/www.termalymalebielice.com\/sk\/wellness-spa-centrum\/"},{"@type":"ListItem","position":3,"name":"Letn\u00fd baz\u00e9n"}]},{"@type":"WebSite","@id":"https:\/\/www.termalymalebielice.com\/sk\/#website","url":"https:\/\/www.termalymalebielice.com\/sk\/","name":"Termaly Male Bielice","description":"","potentialAction":[{"@type":"SearchAction","target":{"@type":"EntryPoint","urlTemplate":"https:\/\/www.termalymalebielice.com\/sk\/?s={search_term_string}"},"query-input":"required name=search_term_string"}],"inLanguage":"sk-SK"}]}},"acf":[],"_links":{"self":[{"href":"https:\/\/www.termalymalebielice.com\/sk\/wp-json\/wp\/v2\/pages\/567"}],"collection":[{"href":"https:\/\/www.termalymalebielice.com\/sk\/wp-json\/wp\/v2\/pages"}],"about":[{"href":"https:\/\/www.termalymalebielice.com\/sk\/wp-json\/wp\/v2\/types\/page"}],"author":[{"embeddable":true,"href":"https:\/\/www.termalymalebielice.com\/sk\/wp-json\/wp\/v2\/users\/46"}],"replies":[{"embeddable":true,"href":"https:\/\/www.termalymalebielice.com\/sk\/wp-json\/wp\/v2\/comments?post=567"}],"version-history":[{"count":0,"href":"https:\/\/www.termalymalebielice.com\/sk\/wp-json\/wp\/v2\/pages\/567\/revisions"}],"up":[{"embeddable":true,"href":"https:\/\/www.termalymalebielice.com\/sk\/wp-json\/wp\/v2\/pages\/233"}],"wp:attachment":[{"href":"https:\/\/www.termalymalebielice.com\/sk\/wp-json\/wp\/v2\/media?parent=567"}],"curies":[{"name":"wp","href":"https:\/\/api.w.org\/{rel}","templated":true}]}}

Letný bazén

<p style="text-align: center"><span class="jCAhz ChMk0b"><span class="ryNqvb">Letný bazén sa využíva iba v letných mesiacoch.</span></span> <span class="jCAhz ChMk0b"><span class="ryNqvb">Hĺbka vody je 1.2m. Teplota vody 25-30 °C.</span></span></p>

<p>Letný bazén sa využíva iba v letných mesiacoch. Hĺbka vody je 1.2m. Teplota vody 25-30 °C.</p>

<!-- This site is optimized with the Yoast SEO plugin v22.3 - https://yoast.com/wordpress/plugins/seo/ -->
<title>Letný bazén - Termaly Male Bielice -</title>
<meta name="description" content="Letný bazén sa využíva iba v letných mesiacoch. Hĺbka vody je 1.2m. Těšíme sa na Vašu návštěvu v Termáloch Malé Bielice." />
<meta name="robots" content="index, follow, max-snippet:-1, max-image-preview:large, max-video-preview:-1" />
<link rel="canonical" href="https://www.termalymalebielice.com/sk/wellness-spa-centrum/letny-bazen/" />
<meta property="og:locale" content="sk_SK" />
<meta property="og:type" content="article" />
<meta property="og:title" content="Letný bazén - Termaly Male Bielice -" />
<meta property="og:description" content="Letný bazén sa využíva iba v letných mesiacoch. Hĺbka vody je 1.2m. Těšíme sa na Vašu návštěvu v Termáloch Malé Bielice." />
<meta property="og:url" content="https://www.termalymalebielice.com/sk/wellness-spa-centrum/letny-bazen/" />
<meta property="og:site_name" content="Termaly Male Bielice" />
<meta property="article:modified_time" content="2025-05-21T13:17:40+00:00" />
<meta name="twitter:card" content="summary_large_image" />
<meta name="twitter:label1" content="Predpokladaný čas čítania" />
	<meta name="twitter:data1" content="1 minúta" />
<script type="application/ld+json" class="yoast-schema-graph">{"@context":"https://schema.org","@graph":[{"@type":"WebPage","@id":"https://www.termalymalebielice.com/sk/wellness-spa-centrum/letny-bazen/","url":"https://www.termalymalebielice.com/sk/wellness-spa-centrum/letny-bazen/","name":"Letný bazén - Termaly Male Bielice -","isPartOf":{"@id":"https://www.termalymalebielice.com/sk/#website"},"datePublished":"2024-01-15T09:56:11+00:00","dateModified":"2025-05-21T13:17:40+00:00","description":"Letný bazén sa využíva iba v letných mesiacoch. Hĺbka vody je 1.2m. Těšíme sa na Vašu návštěvu v Termáloch Malé Bielice.","breadcrumb":{"@id":"https://www.termalymalebielice.com/sk/wellness-spa-centrum/letny-bazen/#breadcrumb"},"inLanguage":"sk-SK","potentialAction":[{"@type":"ReadAction","target":["https://www.termalymalebielice.com/sk/wellness-spa-centrum/letny-bazen/"]}]},{"@type":"BreadcrumbList","@id":"https://www.termalymalebielice.com/sk/wellness-spa-centrum/letny-bazen/#breadcrumb","itemListElement":[{"@type":"ListItem","position":1,"name":"Home","item":"https://www.termalymalebielice.com/sk/"},{"@type":"ListItem","position":2,"name":"Wellness","item":"https://www.termalymalebielice.com/sk/wellness-spa-centrum/"},{"@type":"ListItem","position":3,"name":"Letný bazén"}]},{"@type":"WebSite","@id":"https://www.termalymalebielice.com/sk/#website","url":"https://www.termalymalebielice.com/sk/","name":"Termaly Male Bielice","description":"","potentialAction":[{"@type":"SearchAction","target":{"@type":"EntryPoint","urlTemplate":"https://www.termalymalebielice.com/sk/?s={search_term_string}"},"query-input":"required name=search_term_string"}],"inLanguage":"sk-SK"}]}</script>
<!-- / Yoast SEO plugin. -->

Letný bazén - Termaly Male Bielice -

Letný bazén sa využíva iba v letných mesiacoch. Hĺbka vody je 1.2m. Těšíme sa na Vašu návštěvu v Termáloch Malé Bielice.

1 minúta
