{"id":255,"date":"2023-12-21T15:25:09","date_gmt":"2023-12-21T15:25:09","guid":{"rendered":"https:\/\/termaly-male-bielice.ms2.decms.eu\/?page_id=255"},"modified":"2024-08-20T14:46:31","modified_gmt":"2024-08-20T14:46:31","slug":"nase-umiestnenie","status":"publish","type":"page","link":"https:\/\/www.termalymalebielice.com\/sk\/nase-umiestnenie\/","title":{"rendered":"Na\u0161a lokalita"},"content":{"rendered":"<p>Obec Mal\u00e9 Bielice je pokojnou, okrajovou \u0161tvr\u0165ou mesta Partiz\u00e1nske, le\u017eiaca 60 km od moravsko-slovenskej hranice (prechod Mal\u00fd Hrozenkov) priamo na trase Nitra-Prievidza. Wellness Hotel vyr\u00e1stl priamo v miestach, kde prirodzene vyviera tepl\u00e1 miner\u00e1lna voda, dosahuj\u00faca teplotu a\u017e 39 stup\u0148ov Celsia. Balneol\u00f3govia tu objavili tri r\u00f4zne prameny, ktor\u00e9 maj\u00fa ve\u013emi priazniv\u00e9 \u00fa\u010dinky predov\u0161etk\u00fdm na pohybov\u00e9 \u00fastrojenstvo, nervov\u00fa s\u00fastavu, rehabilit\u00e1ciu a regener\u00e1ciu organizmu.<\/p>\n<p>Celkovo mo\u017eno poveda\u0165, \u017ee Mal\u00e9 Bielice s\u00fa ide\u00e1lnym miestom pre tie, ktor\u00e9 h\u013eadaj\u00fa relax\u00e1ciu v spojen\u00ed s pr\u00edrodou na Slovensku.\u00a0 K dispoz\u00edcii s\u00fa k\u013eudov\u00fd, relaxa\u010dn\u00e9 a oddychov\u00e9 baz\u00e9ny, odpo\u010d\u00edvarne a sauny. Cel\u00fd komplex pret\u00edna mal\u00e1 parkov\u00e1 promen\u00e1da. Pr\u00edroda v Mal\u00fdch Bieliciach je kr\u00e1sna a pon\u00faka mo\u017enosti pre t\u00faru pe\u0161i alebo na bicykli. Je to miesto pre t\u00fdch, ktor\u00ed vyh\u013ead\u00e1vaj\u00fa pokojn\u00fa a ni\u010d\u00edm neru\u0161en\u00fa dovolenku.<\/p>\n<p>Pobyt na tomto mieste prin\u00e1\u0161a relaxa\u010dn\u00e9 \u00fa\u010dinky pre telo aj du\u0161u&#8230;<\/p>\n","protected":false},"excerpt":{"rendered":"<p>Obec Mal\u00e9 Bielice je pokojnou, okrajovou \u0161tvr\u0165ou mesta Partiz\u00e1nske, le\u017eiaca 60 km od moravsko-slovenskej hranice (prechod Mal\u00fd Hrozenkov) priamo na trase Nitra-Prievidza. Wellness Hotel vyr\u00e1stl priamo v miestach, kde prirodzene vyviera tepl\u00e1 miner\u00e1lna voda, dosahuj\u00faca teplotu a\u017e 39 stup\u0148ov Celsia. Balneol\u00f3govia tu objavili tri r\u00f4zne prameny, ktor\u00e9 maj\u00fa ve\u013emi priazniv\u00e9 \u00fa\u010dinky predov\u0161etk\u00fdm na pohybov\u00e9 \u00fastrojenstvo, [&hellip;]<\/p>\n","protected":false},"author":7,"featured_media":0,"parent":0,"menu_order":80,"comment_status":"closed","ping_status":"closed","template":"template-location.php","meta":{"footnotes":""},"class_list":["post-255","page","type-page","status-publish","hentry"],"yoast_head":"<!-- This site is optimized with the Yoast SEO plugin v27.3 - https:\/\/yoast.com\/product\/yoast-seo-wordpress\/ -->\n<title>Na\u0161a lokalita | Term\u00e1ly Mal\u00e9 Bielice<\/title>\n<meta name=\"description\" content=\"Objavte kr\u00e1su Term\u00e1lov Mal\u00e9 Bielice, kde na v\u00e1s \u010dak\u00e1 dokonal\u00fd relax a starostlivos\u0165. Nechajte sa rozmazn\u00e1va\u0165 a doprajte si zasl\u00fa\u017een\u00fd oddych.\" \/>\n<meta name=\"robots\" content=\"index, follow, max-snippet:-1, max-image-preview:large, max-video-preview:-1\" \/>\n<link rel=\"canonical\" href=\"https:\/\/www.termalymalebielice.com\/sk\/nase-umiestnenie\/\" \/>\n<meta property=\"og:locale\" content=\"sk_SK\" \/>\n<meta property=\"og:type\" content=\"article\" \/>\n<meta property=\"og:title\" content=\"Na\u0161a lokalita | Term\u00e1ly Mal\u00e9 Bielice\" \/>\n<meta property=\"og:description\" content=\"Objavte kr\u00e1su Term\u00e1lov Mal\u00e9 Bielice, kde na v\u00e1s \u010dak\u00e1 dokonal\u00fd relax a starostlivos\u0165. Nechajte sa rozmazn\u00e1va\u0165 a doprajte si zasl\u00fa\u017een\u00fd oddych.\" \/>\n<meta property=\"og:url\" content=\"https:\/\/www.termalymalebielice.com\/sk\/nase-umiestnenie\/\" \/>\n<meta property=\"og:site_name\" content=\"Termaly Male Bielice\" \/>\n<meta property=\"article:modified_time\" content=\"2024-08-20T14:46:31+00:00\" \/>\n<meta name=\"twitter:card\" content=\"summary_large_image\" \/>\n<meta name=\"twitter:label1\" content=\"Predpokladan\u00fd \u010das \u010d\u00edtania\" \/>\n\t<meta name=\"twitter:data1\" content=\"1 min\u00fata\" \/>\n<script type=\"application\/ld+json\" class=\"yoast-schema-graph\">{\"@context\":\"https:\\\/\\\/schema.org\",\"@graph\":[{\"@type\":\"WebPage\",\"@id\":\"https:\\\/\\\/www.termalymalebielice.com\\\/sk\\\/nase-umiestnenie\\\/\",\"url\":\"https:\\\/\\\/www.termalymalebielice.com\\\/sk\\\/nase-umiestnenie\\\/\",\"name\":\"Na\u0161a lokalita | Term\u00e1ly Mal\u00e9 Bielice\",\"isPartOf\":{\"@id\":\"https:\\\/\\\/www.termalymalebielice.com\\\/sk\\\/#website\"},\"datePublished\":\"2023-12-21T15:25:09+00:00\",\"dateModified\":\"2024-08-20T14:46:31+00:00\",\"description\":\"Objavte kr\u00e1su Term\u00e1lov Mal\u00e9 Bielice, kde na v\u00e1s \u010dak\u00e1 dokonal\u00fd relax a starostlivos\u0165. Nechajte sa rozmazn\u00e1va\u0165 a doprajte si zasl\u00fa\u017een\u00fd oddych.\",\"breadcrumb\":{\"@id\":\"https:\\\/\\\/www.termalymalebielice.com\\\/sk\\\/nase-umiestnenie\\\/#breadcrumb\"},\"inLanguage\":\"sk-SK\",\"potentialAction\":[{\"@type\":\"ReadAction\",\"target\":[\"https:\\\/\\\/www.termalymalebielice.com\\\/sk\\\/nase-umiestnenie\\\/\"]}]},{\"@type\":\"BreadcrumbList\",\"@id\":\"https:\\\/\\\/www.termalymalebielice.com\\\/sk\\\/nase-umiestnenie\\\/#breadcrumb\",\"itemListElement\":[{\"@type\":\"ListItem\",\"position\":1,\"name\":\"Home\",\"item\":\"https:\\\/\\\/www.termalymalebielice.com\\\/sk\\\/\"},{\"@type\":\"ListItem\",\"position\":2,\"name\":\"Na\u0161a lokalita\"}]},{\"@type\":\"WebSite\",\"@id\":\"https:\\\/\\\/www.termalymalebielice.com\\\/sk\\\/#website\",\"url\":\"https:\\\/\\\/www.termalymalebielice.com\\\/sk\\\/\",\"name\":\"Termaly Male Bielice\",\"description\":\"\",\"potentialAction\":[{\"@type\":\"SearchAction\",\"target\":{\"@type\":\"EntryPoint\",\"urlTemplate\":\"https:\\\/\\\/www.termalymalebielice.com\\\/sk\\\/?s={search_term_string}\"},\"query-input\":{\"@type\":\"PropertyValueSpecification\",\"valueRequired\":true,\"valueName\":\"search_term_string\"}}],\"inLanguage\":\"sk-SK\"}]}<\/script>\n<!-- \/ Yoast SEO plugin. -->","yoast_head_json":{"title":"Na\u0161a lokalita | Term\u00e1ly Mal\u00e9 Bielice","description":"Objavte kr\u00e1su Term\u00e1lov Mal\u00e9 Bielice, kde na v\u00e1s \u010dak\u00e1 dokonal\u00fd relax a starostlivos\u0165. Nechajte sa rozmazn\u00e1va\u0165 a doprajte si zasl\u00fa\u017een\u00fd oddych.","robots":{"index":"index","follow":"follow","max-snippet":"max-snippet:-1","max-image-preview":"max-image-preview:large","max-video-preview":"max-video-preview:-1"},"canonical":"https:\/\/www.termalymalebielice.com\/sk\/nase-umiestnenie\/","og_locale":"sk_SK","og_type":"article","og_title":"Na\u0161a lokalita | Term\u00e1ly Mal\u00e9 Bielice","og_description":"Objavte kr\u00e1su Term\u00e1lov Mal\u00e9 Bielice, kde na v\u00e1s \u010dak\u00e1 dokonal\u00fd relax a starostlivos\u0165. Nechajte sa rozmazn\u00e1va\u0165 a doprajte si zasl\u00fa\u017een\u00fd oddych.","og_url":"https:\/\/www.termalymalebielice.com\/sk\/nase-umiestnenie\/","og_site_name":"Termaly Male Bielice","article_modified_time":"2024-08-20T14:46:31+00:00","twitter_card":"summary_large_image","twitter_misc":{"Predpokladan\u00fd \u010das \u010d\u00edtania":"1 min\u00fata"},"schema":{"@context":"https:\/\/schema.org","@graph":[{"@type":"WebPage","@id":"https:\/\/www.termalymalebielice.com\/sk\/nase-umiestnenie\/","url":"https:\/\/www.termalymalebielice.com\/sk\/nase-umiestnenie\/","name":"Na\u0161a lokalita | Term\u00e1ly Mal\u00e9 Bielice","isPartOf":{"@id":"https:\/\/www.termalymalebielice.com\/sk\/#website"},"datePublished":"2023-12-21T15:25:09+00:00","dateModified":"2024-08-20T14:46:31+00:00","description":"Objavte kr\u00e1su Term\u00e1lov Mal\u00e9 Bielice, kde na v\u00e1s \u010dak\u00e1 dokonal\u00fd relax a starostlivos\u0165. Nechajte sa rozmazn\u00e1va\u0165 a doprajte si zasl\u00fa\u017een\u00fd oddych.","breadcrumb":{"@id":"https:\/\/www.termalymalebielice.com\/sk\/nase-umiestnenie\/#breadcrumb"},"inLanguage":"sk-SK","potentialAction":[{"@type":"ReadAction","target":["https:\/\/www.termalymalebielice.com\/sk\/nase-umiestnenie\/"]}]},{"@type":"BreadcrumbList","@id":"https:\/\/www.termalymalebielice.com\/sk\/nase-umiestnenie\/#breadcrumb","itemListElement":[{"@type":"ListItem","position":1,"name":"Home","item":"https:\/\/www.termalymalebielice.com\/sk\/"},{"@type":"ListItem","position":2,"name":"Na\u0161a lokalita"}]},{"@type":"WebSite","@id":"https:\/\/www.termalymalebielice.com\/sk\/#website","url":"https:\/\/www.termalymalebielice.com\/sk\/","name":"Termaly Male Bielice","description":"","potentialAction":[{"@type":"SearchAction","target":{"@type":"EntryPoint","urlTemplate":"https:\/\/www.termalymalebielice.com\/sk\/?s={search_term_string}"},"query-input":{"@type":"PropertyValueSpecification","valueRequired":true,"valueName":"search_term_string"}}],"inLanguage":"sk-SK"}]}},"acf":[],"_links":{"self":[{"href":"https:\/\/www.termalymalebielice.com\/sk\/wp-json\/wp\/v2\/pages\/255","targetHints":{"allow":["GET"]}}],"collection":[{"href":"https:\/\/www.termalymalebielice.com\/sk\/wp-json\/wp\/v2\/pages"}],"about":[{"href":"https:\/\/www.termalymalebielice.com\/sk\/wp-json\/wp\/v2\/types\/page"}],"author":[{"embeddable":true,"href":"https:\/\/www.termalymalebielice.com\/sk\/wp-json\/wp\/v2\/users\/7"}],"replies":[{"embeddable":true,"href":"https:\/\/www.termalymalebielice.com\/sk\/wp-json\/wp\/v2\/comments?post=255"}],"version-history":[{"count":0,"href":"https:\/\/www.termalymalebielice.com\/sk\/wp-json\/wp\/v2\/pages\/255\/revisions"}],"wp:attachment":[{"href":"https:\/\/www.termalymalebielice.com\/sk\/wp-json\/wp\/v2\/media?parent=255"}],"curies":[{"name":"wp","href":"https:\/\/api.w.org\/{rel}","templated":true}]}}

Naša lokalita

<p>Obec Malé Bielice je pokojnou, okrajovou štvrťou mesta Partizánske, ležiaca 60 km od moravsko-slovenskej hranice (prechod Malý Hrozenkov) priamo na trase Nitra-Prievidza. Wellness Hotel vyrástl priamo v miestach, kde prirodzene vyviera teplá minerálna voda, dosahujúca teplotu až 39 stupňov Celsia. Balneológovia tu objavili tri rôzne prameny, ktoré majú veľmi priaznivé účinky predovšetkým na pohybové ústrojenstvo, nervovú sústavu, rehabilitáciu a regeneráciu organizmu.</p>
<p>Celkovo možno povedať, že Malé Bielice sú ideálnym miestom pre tie, ktoré hľadajú relaxáciu v spojení s prírodou na Slovensku.  K dispozícii sú kľudový, relaxačné a oddychové bazény, odpočívarne a sauny. Celý komplex pretína malá parková promenáda. Príroda v Malých Bieliciach je krásna a ponúka možnosti pre túru peši alebo na bicykli. Je to miesto pre tých, ktorí vyhľadávajú pokojnú a ničím nerušenú dovolenku.</p>
<p>Pobyt na tomto mieste prináša relaxačné účinky pre telo aj dušu&#8230;</p>

<p>Obec Malé Bielice je pokojnou, okrajovou štvrťou mesta Partizánske, ležiaca 60 km od moravsko-slovenskej hranice (prechod Malý Hrozenkov) priamo na trase Nitra-Prievidza. Wellness Hotel vyrástl priamo v miestach, kde prirodzene vyviera teplá minerálna voda, dosahujúca teplotu až 39 stupňov Celsia. Balneológovia tu objavili tri rôzne prameny, ktoré majú veľmi priaznivé účinky predovšetkým na pohybové ústrojenstvo, [&hellip;]</p>

<!-- This site is optimized with the Yoast SEO plugin v27.3 - https://yoast.com/product/yoast-seo-wordpress/ -->
<title>Naša lokalita | Termály Malé Bielice</title>
<meta name="description" content="Objavte krásu Termálov Malé Bielice, kde na vás čaká dokonalý relax a starostlivosť. Nechajte sa rozmaznávať a doprajte si zaslúžený oddych." />
<meta name="robots" content="index, follow, max-snippet:-1, max-image-preview:large, max-video-preview:-1" />
<link rel="canonical" href="https://www.termalymalebielice.com/sk/nase-umiestnenie/" />
<meta property="og:locale" content="sk_SK" />
<meta property="og:type" content="article" />
<meta property="og:title" content="Naša lokalita | Termály Malé Bielice" />
<meta property="og:description" content="Objavte krásu Termálov Malé Bielice, kde na vás čaká dokonalý relax a starostlivosť. Nechajte sa rozmaznávať a doprajte si zaslúžený oddych." />
<meta property="og:url" content="https://www.termalymalebielice.com/sk/nase-umiestnenie/" />
<meta property="og:site_name" content="Termaly Male Bielice" />
<meta property="article:modified_time" content="2024-08-20T14:46:31+00:00" />
<meta name="twitter:card" content="summary_large_image" />
<meta name="twitter:label1" content="Predpokladaný čas čítania" />
	<meta name="twitter:data1" content="1 minúta" />
<script type="application/ld+json" class="yoast-schema-graph">{"@context":"https:\/\/schema.org","@graph":[{"@type":"WebPage","@id":"https:\/\/www.termalymalebielice.com\/sk\/nase-umiestnenie\/","url":"https:\/\/www.termalymalebielice.com\/sk\/nase-umiestnenie\/","name":"Naša lokalita | Termály Malé Bielice","isPartOf":{"@id":"https:\/\/www.termalymalebielice.com\/sk\/#website"},"datePublished":"2023-12-21T15:25:09+00:00","dateModified":"2024-08-20T14:46:31+00:00","description":"Objavte krásu Termálov Malé Bielice, kde na vás čaká dokonalý relax a starostlivosť. Nechajte sa rozmaznávať a doprajte si zaslúžený oddych.","breadcrumb":{"@id":"https:\/\/www.termalymalebielice.com\/sk\/nase-umiestnenie\/#breadcrumb"},"inLanguage":"sk-SK","potentialAction":[{"@type":"ReadAction","target":["https:\/\/www.termalymalebielice.com\/sk\/nase-umiestnenie\/"]}]},{"@type":"BreadcrumbList","@id":"https:\/\/www.termalymalebielice.com\/sk\/nase-umiestnenie\/#breadcrumb","itemListElement":[{"@type":"ListItem","position":1,"name":"Home","item":"https:\/\/www.termalymalebielice.com\/sk\/"},{"@type":"ListItem","position":2,"name":"Naša lokalita"}]},{"@type":"WebSite","@id":"https:\/\/www.termalymalebielice.com\/sk\/#website","url":"https:\/\/www.termalymalebielice.com\/sk\/","name":"Termaly Male Bielice","description":"","potentialAction":[{"@type":"SearchAction","target":{"@type":"EntryPoint","urlTemplate":"https:\/\/www.termalymalebielice.com\/sk\/?s={search_term_string}"},"query-input":{"@type":"PropertyValueSpecification","valueRequired":true,"valueName":"search_term_string"}}],"inLanguage":"sk-SK"}]}</script>
<!-- / Yoast SEO plugin. -->

Naša lokalita | Termály Malé Bielice

Objavte krásu Termálov Malé Bielice, kde na vás čaká dokonalý relax a starostlivosť. Nechajte sa rozmaznávať a doprajte si zaslúžený oddych.

1 minúta
