{"id":242,"date":"2023-12-20T16:36:46","date_gmt":"2023-12-20T16:36:46","guid":{"rendered":"https:\/\/termaly-male-bielice.ms2.decms.eu\/?page_id=242"},"modified":"2024-08-08T11:10:19","modified_gmt":"2024-08-08T11:10:19","slug":"aquacentrum","status":"publish","type":"page","link":"https:\/\/www.termalymalebielice.com\/sk\/aquacentrum\/","title":{"rendered":"Aquacentrum"},"content":{"rendered":"<p style=\"text-align: center\">Term\u00e1ly Mal\u00e9 Bielice s\u00fa miestom relaxu a zdravia. Ich z\u00e1kladn\u00fdm kame\u0148om je miner\u00e1lna term\u00e1lna voda s teplotou 27 &#8211; 38 \u00b0C. K dispoz\u00edcii budete ma\u0165 6 baz\u00e9nov &#8211; 2 vn\u00fatorn\u00e9 (k\u013eudov\u00fd a hydromas\u00e1\u017ene) a 4 vonkaj\u0161ie relaxa\u010dn\u00e9 baz\u00e9ny. Vo vonkaj\u0161ej \u010dasti nech\u00fdba \u0161m\u00fdka\u010dka a detsk\u00e9 ihrisko.<\/p>\n<p style=\"text-align: center\"><span class=\"jCAhz ChMk0b\"><span class=\"ryNqvb\">V\u0161etky baz\u00e9ny s\u00fa k dispoz\u00edcii po cel\u00fd rok, denne od 9 do 20 hod\u00edn.<\/span><\/span> <span class=\"jCAhz ChMk0b\"><span class=\"ryNqvb\">(okrem letn\u00e9ho baz\u00e9na, ktor\u00fd je k dispoz\u00edcii iba v letn\u00fdch mesiacoch).<\/span><\/span><\/p>\n","protected":false},"excerpt":{"rendered":"<p>Term\u00e1ly Mal\u00e9 Bielice s\u00fa miestom relaxu a zdravia. Ich z\u00e1kladn\u00fdm kame\u0148om je miner\u00e1lna term\u00e1lna voda s teplotou 27 &#8211; 38 \u00b0C. K dispoz\u00edcii budete ma\u0165 6 baz\u00e9nov &#8211; 2 vn\u00fatorn\u00e9 (k\u013eudov\u00fd a hydromas\u00e1\u017ene) a 4 vonkaj\u0161ie relaxa\u010dn\u00e9 baz\u00e9ny. Vo vonkaj\u0161ej \u010dasti nech\u00fdba \u0161m\u00fdka\u010dka a detsk\u00e9 ihrisko. V\u0161etky baz\u00e9ny s\u00fa k dispoz\u00edcii po cel\u00fd rok, denne [&hellip;]<\/p>\n","protected":false},"author":7,"featured_media":0,"parent":0,"menu_order":60,"comment_status":"closed","ping_status":"closed","template":"template-spa.php","meta":{"footnotes":""},"yoast_head":"<!-- This site is optimized with the Yoast SEO plugin v22.3 - https:\/\/yoast.com\/wordpress\/plugins\/seo\/ -->\n<title>Aquacentrum | Term\u00e1ly Mal\u00e9 Bielice<\/title>\n<meta name=\"description\" content=\"Term\u00e1ly Mal\u00e9 Bielice s term\u00e1lnou s\u00fa miestom relaxu a zdravia. K dispoz\u00edcii je 6 baz\u00e9nov a 4 vonkaj\u0161ie relaxa\u010dn\u00e9 baz\u00e9ny.\" \/>\n<meta name=\"robots\" content=\"index, follow, max-snippet:-1, max-image-preview:large, max-video-preview:-1\" \/>\n<link rel=\"canonical\" href=\"https:\/\/www.termalymalebielice.com\/sk\/aquacentrum\/\" \/>\n<meta property=\"og:locale\" content=\"sk_SK\" \/>\n<meta property=\"og:type\" content=\"article\" \/>\n<meta property=\"og:title\" content=\"Aquacentrum | Term\u00e1ly Mal\u00e9 Bielice\" \/>\n<meta property=\"og:description\" content=\"Term\u00e1ly Mal\u00e9 Bielice s term\u00e1lnou s\u00fa miestom relaxu a zdravia. K dispoz\u00edcii je 6 baz\u00e9nov a 4 vonkaj\u0161ie relaxa\u010dn\u00e9 baz\u00e9ny.\" \/>\n<meta property=\"og:url\" content=\"https:\/\/www.termalymalebielice.com\/sk\/aquacentrum\/\" \/>\n<meta property=\"og:site_name\" content=\"Termaly Male Bielice\" \/>\n<meta property=\"article:modified_time\" content=\"2024-08-08T11:10:19+00:00\" \/>\n<meta name=\"twitter:card\" content=\"summary_large_image\" \/>\n<meta name=\"twitter:label1\" content=\"Predpokladan\u00fd \u010das \u010d\u00edtania\" \/>\n\t<meta name=\"twitter:data1\" content=\"1 min\u00fata\" \/>\n<script type=\"application\/ld+json\" class=\"yoast-schema-graph\">{\"@context\":\"https:\/\/schema.org\",\"@graph\":[{\"@type\":\"WebPage\",\"@id\":\"https:\/\/www.termalymalebielice.com\/sk\/aquacentrum\/\",\"url\":\"https:\/\/www.termalymalebielice.com\/sk\/aquacentrum\/\",\"name\":\"Aquacentrum | Term\u00e1ly Mal\u00e9 Bielice\",\"isPartOf\":{\"@id\":\"https:\/\/www.termalymalebielice.com\/sk\/#website\"},\"datePublished\":\"2023-12-20T16:36:46+00:00\",\"dateModified\":\"2024-08-08T11:10:19+00:00\",\"description\":\"Term\u00e1ly Mal\u00e9 Bielice s term\u00e1lnou s\u00fa miestom relaxu a zdravia. K dispoz\u00edcii je 6 baz\u00e9nov a 4 vonkaj\u0161ie relaxa\u010dn\u00e9 baz\u00e9ny.\",\"breadcrumb\":{\"@id\":\"https:\/\/www.termalymalebielice.com\/sk\/aquacentrum\/#breadcrumb\"},\"inLanguage\":\"sk-SK\",\"potentialAction\":[{\"@type\":\"ReadAction\",\"target\":[\"https:\/\/www.termalymalebielice.com\/sk\/aquacentrum\/\"]}]},{\"@type\":\"BreadcrumbList\",\"@id\":\"https:\/\/www.termalymalebielice.com\/sk\/aquacentrum\/#breadcrumb\",\"itemListElement\":[{\"@type\":\"ListItem\",\"position\":1,\"name\":\"Home\",\"item\":\"https:\/\/www.termalymalebielice.com\/sk\/\"},{\"@type\":\"ListItem\",\"position\":2,\"name\":\"Aquacentrum\"}]},{\"@type\":\"WebSite\",\"@id\":\"https:\/\/www.termalymalebielice.com\/sk\/#website\",\"url\":\"https:\/\/www.termalymalebielice.com\/sk\/\",\"name\":\"Termaly Male Bielice\",\"description\":\"\",\"potentialAction\":[{\"@type\":\"SearchAction\",\"target\":{\"@type\":\"EntryPoint\",\"urlTemplate\":\"https:\/\/www.termalymalebielice.com\/sk\/?s={search_term_string}\"},\"query-input\":\"required name=search_term_string\"}],\"inLanguage\":\"sk-SK\"}]}<\/script>\n<!-- \/ Yoast SEO plugin. -->","yoast_head_json":{"title":"Aquacentrum | Term\u00e1ly Mal\u00e9 Bielice","description":"Term\u00e1ly Mal\u00e9 Bielice s term\u00e1lnou s\u00fa miestom relaxu a zdravia. K dispoz\u00edcii je 6 baz\u00e9nov a 4 vonkaj\u0161ie relaxa\u010dn\u00e9 baz\u00e9ny.","robots":{"index":"index","follow":"follow","max-snippet":"max-snippet:-1","max-image-preview":"max-image-preview:large","max-video-preview":"max-video-preview:-1"},"canonical":"https:\/\/www.termalymalebielice.com\/sk\/aquacentrum\/","og_locale":"sk_SK","og_type":"article","og_title":"Aquacentrum | Term\u00e1ly Mal\u00e9 Bielice","og_description":"Term\u00e1ly Mal\u00e9 Bielice s term\u00e1lnou s\u00fa miestom relaxu a zdravia. K dispoz\u00edcii je 6 baz\u00e9nov a 4 vonkaj\u0161ie relaxa\u010dn\u00e9 baz\u00e9ny.","og_url":"https:\/\/www.termalymalebielice.com\/sk\/aquacentrum\/","og_site_name":"Termaly Male Bielice","article_modified_time":"2024-08-08T11:10:19+00:00","twitter_card":"summary_large_image","twitter_misc":{"Predpokladan\u00fd \u010das \u010d\u00edtania":"1 min\u00fata"},"schema":{"@context":"https:\/\/schema.org","@graph":[{"@type":"WebPage","@id":"https:\/\/www.termalymalebielice.com\/sk\/aquacentrum\/","url":"https:\/\/www.termalymalebielice.com\/sk\/aquacentrum\/","name":"Aquacentrum | Term\u00e1ly Mal\u00e9 Bielice","isPartOf":{"@id":"https:\/\/www.termalymalebielice.com\/sk\/#website"},"datePublished":"2023-12-20T16:36:46+00:00","dateModified":"2024-08-08T11:10:19+00:00","description":"Term\u00e1ly Mal\u00e9 Bielice s term\u00e1lnou s\u00fa miestom relaxu a zdravia. K dispoz\u00edcii je 6 baz\u00e9nov a 4 vonkaj\u0161ie relaxa\u010dn\u00e9 baz\u00e9ny.","breadcrumb":{"@id":"https:\/\/www.termalymalebielice.com\/sk\/aquacentrum\/#breadcrumb"},"inLanguage":"sk-SK","potentialAction":[{"@type":"ReadAction","target":["https:\/\/www.termalymalebielice.com\/sk\/aquacentrum\/"]}]},{"@type":"BreadcrumbList","@id":"https:\/\/www.termalymalebielice.com\/sk\/aquacentrum\/#breadcrumb","itemListElement":[{"@type":"ListItem","position":1,"name":"Home","item":"https:\/\/www.termalymalebielice.com\/sk\/"},{"@type":"ListItem","position":2,"name":"Aquacentrum"}]},{"@type":"WebSite","@id":"https:\/\/www.termalymalebielice.com\/sk\/#website","url":"https:\/\/www.termalymalebielice.com\/sk\/","name":"Termaly Male Bielice","description":"","potentialAction":[{"@type":"SearchAction","target":{"@type":"EntryPoint","urlTemplate":"https:\/\/www.termalymalebielice.com\/sk\/?s={search_term_string}"},"query-input":"required name=search_term_string"}],"inLanguage":"sk-SK"}]}},"acf":[],"_links":{"self":[{"href":"https:\/\/www.termalymalebielice.com\/sk\/wp-json\/wp\/v2\/pages\/242"}],"collection":[{"href":"https:\/\/www.termalymalebielice.com\/sk\/wp-json\/wp\/v2\/pages"}],"about":[{"href":"https:\/\/www.termalymalebielice.com\/sk\/wp-json\/wp\/v2\/types\/page"}],"author":[{"embeddable":true,"href":"https:\/\/www.termalymalebielice.com\/sk\/wp-json\/wp\/v2\/users\/7"}],"replies":[{"embeddable":true,"href":"https:\/\/www.termalymalebielice.com\/sk\/wp-json\/wp\/v2\/comments?post=242"}],"version-history":[{"count":0,"href":"https:\/\/www.termalymalebielice.com\/sk\/wp-json\/wp\/v2\/pages\/242\/revisions"}],"wp:attachment":[{"href":"https:\/\/www.termalymalebielice.com\/sk\/wp-json\/wp\/v2\/media?parent=242"}],"curies":[{"name":"wp","href":"https:\/\/api.w.org\/{rel}","templated":true}]}}

<p style="text-align: center">Termály Malé Bielice sú miestom relaxu a zdravia. Ich základným kameňom je minerálna termálna voda s teplotou 27 &#8211; 38 °C. K dispozícii budete mať 6 bazénov &#8211; 2 vnútorné (kľudový a hydromasážne) a 4 vonkajšie relaxačné bazény. Vo vonkajšej časti nechýba šmýkačka a detské ihrisko.</p>
<p style="text-align: center"><span class="jCAhz ChMk0b"><span class="ryNqvb">Všetky bazény sú k dispozícii po celý rok, denne od 9 do 20 hodín.</span></span> <span class="jCAhz ChMk0b"><span class="ryNqvb">(okrem letného bazéna, ktorý je k dispozícii iba v letných mesiacoch).</span></span></p>

<p>Termály Malé Bielice sú miestom relaxu a zdravia. Ich základným kameňom je minerálna termálna voda s teplotou 27 &#8211; 38 °C. K dispozícii budete mať 6 bazénov &#8211; 2 vnútorné (kľudový a hydromasážne) a 4 vonkajšie relaxačné bazény. Vo vonkajšej časti nechýba šmýkačka a detské ihrisko. Všetky bazény sú k dispozícii po celý rok, denne [&hellip;]</p>

<!-- This site is optimized with the Yoast SEO plugin v22.3 - https://yoast.com/wordpress/plugins/seo/ -->
<title>Aquacentrum | Termály Malé Bielice</title>
<meta name="description" content="Termály Malé Bielice s termálnou sú miestom relaxu a zdravia. K dispozícii je 6 bazénov a 4 vonkajšie relaxačné bazény." />
<meta name="robots" content="index, follow, max-snippet:-1, max-image-preview:large, max-video-preview:-1" />
<link rel="canonical" href="https://www.termalymalebielice.com/sk/aquacentrum/" />
<meta property="og:locale" content="sk_SK" />
<meta property="og:type" content="article" />
<meta property="og:title" content="Aquacentrum | Termály Malé Bielice" />
<meta property="og:description" content="Termály Malé Bielice s termálnou sú miestom relaxu a zdravia. K dispozícii je 6 bazénov a 4 vonkajšie relaxačné bazény." />
<meta property="og:url" content="https://www.termalymalebielice.com/sk/aquacentrum/" />
<meta property="og:site_name" content="Termaly Male Bielice" />
<meta property="article:modified_time" content="2024-08-08T11:10:19+00:00" />
<meta name="twitter:card" content="summary_large_image" />
<meta name="twitter:label1" content="Predpokladaný čas čítania" />
	<meta name="twitter:data1" content="1 minúta" />
<script type="application/ld+json" class="yoast-schema-graph">{"@context":"https://schema.org","@graph":[{"@type":"WebPage","@id":"https://www.termalymalebielice.com/sk/aquacentrum/","url":"https://www.termalymalebielice.com/sk/aquacentrum/","name":"Aquacentrum | Termály Malé Bielice","isPartOf":{"@id":"https://www.termalymalebielice.com/sk/#website"},"datePublished":"2023-12-20T16:36:46+00:00","dateModified":"2024-08-08T11:10:19+00:00","description":"Termály Malé Bielice s termálnou sú miestom relaxu a zdravia. K dispozícii je 6 bazénov a 4 vonkajšie relaxačné bazény.","breadcrumb":{"@id":"https://www.termalymalebielice.com/sk/aquacentrum/#breadcrumb"},"inLanguage":"sk-SK","potentialAction":[{"@type":"ReadAction","target":["https://www.termalymalebielice.com/sk/aquacentrum/"]}]},{"@type":"BreadcrumbList","@id":"https://www.termalymalebielice.com/sk/aquacentrum/#breadcrumb","itemListElement":[{"@type":"ListItem","position":1,"name":"Home","item":"https://www.termalymalebielice.com/sk/"},{"@type":"ListItem","position":2,"name":"Aquacentrum"}]},{"@type":"WebSite","@id":"https://www.termalymalebielice.com/sk/#website","url":"https://www.termalymalebielice.com/sk/","name":"Termaly Male Bielice","description":"","potentialAction":[{"@type":"SearchAction","target":{"@type":"EntryPoint","urlTemplate":"https://www.termalymalebielice.com/sk/?s={search_term_string}"},"query-input":"required name=search_term_string"}],"inLanguage":"sk-SK"}]}</script>
<!-- / Yoast SEO plugin. -->

Aquacentrum | Termály Malé Bielice

Termály Malé Bielice s termálnou sú miestom relaxu a zdravia. K dispozícii je 6 bazénov a 4 vonkajšie relaxačné bazény.

1 minúta
