{"id":237,"date":"2023-12-20T16:14:32","date_gmt":"2023-12-20T16:14:32","guid":{"rendered":"https:\/\/termaly-male-bielice.ms2.decms.eu\/?page_id=237"},"modified":"2024-08-08T10:26:34","modified_gmt":"2024-08-08T10:26:34","slug":"masaze","status":"publish","type":"page","link":"https:\/\/www.termalymalebielice.com\/sk\/wellness-spa-centrum\/masaze\/","title":{"rendered":"Mas\u00e1\u017ee"},"content":{"rendered":"<p>Odpo\u010dinok a relax\u00e1cia s\u00fa nevyhnutnou s\u00fa\u010das\u0165ou n\u00e1\u0161ho \u017eivota. Okrem odpo\u010dinku a relax\u00e1cie je \u017eivot lep\u0161\u00ed, ke\u010f je na\u0161e telo zdrav\u00e9 a bez bolesti. Preto by ste mali svojmu telu dopria\u0165 pravideln\u00e9 mas\u00e1\u017ee. Mas\u00e1\u017ee maj\u00fa mnoho v\u00fdhod: zvy\u0161uj\u00fa krvn\u00fd obeh, predch\u00e1dzaj\u00fa niektor\u00fdm chorob\u00e1m a dokonca uvo\u013e\u0148uj\u00fa k\u013aby. M\u00f4\u017eete si vybra\u0165 z nieko\u013ek\u00fdch r\u00f4znych mas\u00e1\u017e\u00ed, od mas\u00e1\u017e\u00ed tv\u00e1rov\u00fdch alebo \u0161portov\u00fdch a\u017e po komplexn\u00e9 mas\u00e1\u017ee. Nezabudnite kontaktova\u0165 na\u0161u hotelov\u00fa recepciu a dohodn\u00fa\u0165 si sch\u00f4dzku s na\u0161imi profesion\u00e1lmi.<\/p>\n<p style=\"text-align: center\">T\u00e1to slu\u017eba je k dispoz\u00edcii denne od 10:00 do 21:00 na z\u00e1klade va\u0161ich vopred napl\u00e1novan\u00fdch sch\u00f4dzok.<\/p>\n","protected":false},"excerpt":{"rendered":"<p>Odpo\u010dinok a relax\u00e1cia s\u00fa nevyhnutnou s\u00fa\u010das\u0165ou n\u00e1\u0161ho \u017eivota. Okrem odpo\u010dinku a relax\u00e1cie je \u017eivot lep\u0161\u00ed, ke\u010f je na\u0161e telo zdrav\u00e9 a bez bolesti. Preto by ste mali svojmu telu dopria\u0165 pravideln\u00e9 mas\u00e1\u017ee. Mas\u00e1\u017ee maj\u00fa mnoho v\u00fdhod: zvy\u0161uj\u00fa krvn\u00fd obeh, predch\u00e1dzaj\u00fa niektor\u00fdm chorob\u00e1m a dokonca uvo\u013e\u0148uj\u00fa k\u013aby. M\u00f4\u017eete si vybra\u0165 z nieko\u013ek\u00fdch r\u00f4znych mas\u00e1\u017e\u00ed, od mas\u00e1\u017e\u00ed [&hellip;]<\/p>\n","protected":false},"author":7,"featured_media":0,"parent":233,"menu_order":20,"comment_status":"closed","ping_status":"closed","template":"template-massage-treatments.php","meta":{"footnotes":""},"yoast_head":"<!-- This site is optimized with the Yoast SEO plugin v22.3 - https:\/\/yoast.com\/wordpress\/plugins\/seo\/ -->\n<title>Mas\u00e1\u017ee | Term\u00e1ly Mal\u00e9 Bielice<\/title>\n<meta name=\"description\" content=\"M\u00f4\u017eete si vybra\u0165 z r\u00f4znych mas\u00e1\u017e\u00ed, od mas\u00e1\u017e\u00ed tv\u00e1rov\u00fdch alebo \u0161portov\u00fdch a\u017e po komplexn\u00e9 mas\u00e1\u017ee. Nezabudnite kontaktova\u0165 na\u0161u recepciu.\" \/>\n<meta name=\"robots\" content=\"index, follow, max-snippet:-1, max-image-preview:large, max-video-preview:-1\" \/>\n<link rel=\"canonical\" href=\"https:\/\/www.termalymalebielice.com\/sk\/wellness-spa-centrum\/masaze\/\" \/>\n<meta property=\"og:locale\" content=\"sk_SK\" \/>\n<meta property=\"og:type\" content=\"article\" \/>\n<meta property=\"og:title\" content=\"Mas\u00e1\u017ee | Term\u00e1ly Mal\u00e9 Bielice\" \/>\n<meta property=\"og:description\" content=\"M\u00f4\u017eete si vybra\u0165 z r\u00f4znych mas\u00e1\u017e\u00ed, od mas\u00e1\u017e\u00ed tv\u00e1rov\u00fdch alebo \u0161portov\u00fdch a\u017e po komplexn\u00e9 mas\u00e1\u017ee. Nezabudnite kontaktova\u0165 na\u0161u recepciu.\" \/>\n<meta property=\"og:url\" content=\"https:\/\/www.termalymalebielice.com\/sk\/wellness-spa-centrum\/masaze\/\" \/>\n<meta property=\"og:site_name\" content=\"Termaly Male Bielice\" \/>\n<meta property=\"article:modified_time\" content=\"2024-08-08T10:26:34+00:00\" \/>\n<meta name=\"twitter:card\" content=\"summary_large_image\" \/>\n<meta name=\"twitter:label1\" content=\"Predpokladan\u00fd \u010das \u010d\u00edtania\" \/>\n\t<meta name=\"twitter:data1\" content=\"1 min\u00fata\" \/>\n<script type=\"application\/ld+json\" class=\"yoast-schema-graph\">{\"@context\":\"https:\/\/schema.org\",\"@graph\":[{\"@type\":\"WebPage\",\"@id\":\"https:\/\/www.termalymalebielice.com\/sk\/wellness-spa-centrum\/masaze\/\",\"url\":\"https:\/\/www.termalymalebielice.com\/sk\/wellness-spa-centrum\/masaze\/\",\"name\":\"Mas\u00e1\u017ee | Term\u00e1ly Mal\u00e9 Bielice\",\"isPartOf\":{\"@id\":\"https:\/\/www.termalymalebielice.com\/sk\/#website\"},\"datePublished\":\"2023-12-20T16:14:32+00:00\",\"dateModified\":\"2024-08-08T10:26:34+00:00\",\"description\":\"M\u00f4\u017eete si vybra\u0165 z r\u00f4znych mas\u00e1\u017e\u00ed, od mas\u00e1\u017e\u00ed tv\u00e1rov\u00fdch alebo \u0161portov\u00fdch a\u017e po komplexn\u00e9 mas\u00e1\u017ee. Nezabudnite kontaktova\u0165 na\u0161u recepciu.\",\"breadcrumb\":{\"@id\":\"https:\/\/www.termalymalebielice.com\/sk\/wellness-spa-centrum\/masaze\/#breadcrumb\"},\"inLanguage\":\"sk-SK\",\"potentialAction\":[{\"@type\":\"ReadAction\",\"target\":[\"https:\/\/www.termalymalebielice.com\/sk\/wellness-spa-centrum\/masaze\/\"]}]},{\"@type\":\"BreadcrumbList\",\"@id\":\"https:\/\/www.termalymalebielice.com\/sk\/wellness-spa-centrum\/masaze\/#breadcrumb\",\"itemListElement\":[{\"@type\":\"ListItem\",\"position\":1,\"name\":\"Home\",\"item\":\"https:\/\/www.termalymalebielice.com\/sk\/\"},{\"@type\":\"ListItem\",\"position\":2,\"name\":\"Wellness\",\"item\":\"https:\/\/www.termalymalebielice.com\/sk\/wellness-spa-centrum\/\"},{\"@type\":\"ListItem\",\"position\":3,\"name\":\"Mas\u00e1\u017ee\"}]},{\"@type\":\"WebSite\",\"@id\":\"https:\/\/www.termalymalebielice.com\/sk\/#website\",\"url\":\"https:\/\/www.termalymalebielice.com\/sk\/\",\"name\":\"Termaly Male Bielice\",\"description\":\"\",\"potentialAction\":[{\"@type\":\"SearchAction\",\"target\":{\"@type\":\"EntryPoint\",\"urlTemplate\":\"https:\/\/www.termalymalebielice.com\/sk\/?s={search_term_string}\"},\"query-input\":\"required name=search_term_string\"}],\"inLanguage\":\"sk-SK\"}]}<\/script>\n<!-- \/ Yoast SEO plugin. -->","yoast_head_json":{"title":"Mas\u00e1\u017ee | Term\u00e1ly Mal\u00e9 Bielice","description":"M\u00f4\u017eete si vybra\u0165 z r\u00f4znych mas\u00e1\u017e\u00ed, od mas\u00e1\u017e\u00ed tv\u00e1rov\u00fdch alebo \u0161portov\u00fdch a\u017e po komplexn\u00e9 mas\u00e1\u017ee. Nezabudnite kontaktova\u0165 na\u0161u recepciu.","robots":{"index":"index","follow":"follow","max-snippet":"max-snippet:-1","max-image-preview":"max-image-preview:large","max-video-preview":"max-video-preview:-1"},"canonical":"https:\/\/www.termalymalebielice.com\/sk\/wellness-spa-centrum\/masaze\/","og_locale":"sk_SK","og_type":"article","og_title":"Mas\u00e1\u017ee | Term\u00e1ly Mal\u00e9 Bielice","og_description":"M\u00f4\u017eete si vybra\u0165 z r\u00f4znych mas\u00e1\u017e\u00ed, od mas\u00e1\u017e\u00ed tv\u00e1rov\u00fdch alebo \u0161portov\u00fdch a\u017e po komplexn\u00e9 mas\u00e1\u017ee. Nezabudnite kontaktova\u0165 na\u0161u recepciu.","og_url":"https:\/\/www.termalymalebielice.com\/sk\/wellness-spa-centrum\/masaze\/","og_site_name":"Termaly Male Bielice","article_modified_time":"2024-08-08T10:26:34+00:00","twitter_card":"summary_large_image","twitter_misc":{"Predpokladan\u00fd \u010das \u010d\u00edtania":"1 min\u00fata"},"schema":{"@context":"https:\/\/schema.org","@graph":[{"@type":"WebPage","@id":"https:\/\/www.termalymalebielice.com\/sk\/wellness-spa-centrum\/masaze\/","url":"https:\/\/www.termalymalebielice.com\/sk\/wellness-spa-centrum\/masaze\/","name":"Mas\u00e1\u017ee | Term\u00e1ly Mal\u00e9 Bielice","isPartOf":{"@id":"https:\/\/www.termalymalebielice.com\/sk\/#website"},"datePublished":"2023-12-20T16:14:32+00:00","dateModified":"2024-08-08T10:26:34+00:00","description":"M\u00f4\u017eete si vybra\u0165 z r\u00f4znych mas\u00e1\u017e\u00ed, od mas\u00e1\u017e\u00ed tv\u00e1rov\u00fdch alebo \u0161portov\u00fdch a\u017e po komplexn\u00e9 mas\u00e1\u017ee. Nezabudnite kontaktova\u0165 na\u0161u recepciu.","breadcrumb":{"@id":"https:\/\/www.termalymalebielice.com\/sk\/wellness-spa-centrum\/masaze\/#breadcrumb"},"inLanguage":"sk-SK","potentialAction":[{"@type":"ReadAction","target":["https:\/\/www.termalymalebielice.com\/sk\/wellness-spa-centrum\/masaze\/"]}]},{"@type":"BreadcrumbList","@id":"https:\/\/www.termalymalebielice.com\/sk\/wellness-spa-centrum\/masaze\/#breadcrumb","itemListElement":[{"@type":"ListItem","position":1,"name":"Home","item":"https:\/\/www.termalymalebielice.com\/sk\/"},{"@type":"ListItem","position":2,"name":"Wellness","item":"https:\/\/www.termalymalebielice.com\/sk\/wellness-spa-centrum\/"},{"@type":"ListItem","position":3,"name":"Mas\u00e1\u017ee"}]},{"@type":"WebSite","@id":"https:\/\/www.termalymalebielice.com\/sk\/#website","url":"https:\/\/www.termalymalebielice.com\/sk\/","name":"Termaly Male Bielice","description":"","potentialAction":[{"@type":"SearchAction","target":{"@type":"EntryPoint","urlTemplate":"https:\/\/www.termalymalebielice.com\/sk\/?s={search_term_string}"},"query-input":"required name=search_term_string"}],"inLanguage":"sk-SK"}]}},"acf":[],"_links":{"self":[{"href":"https:\/\/www.termalymalebielice.com\/sk\/wp-json\/wp\/v2\/pages\/237"}],"collection":[{"href":"https:\/\/www.termalymalebielice.com\/sk\/wp-json\/wp\/v2\/pages"}],"about":[{"href":"https:\/\/www.termalymalebielice.com\/sk\/wp-json\/wp\/v2\/types\/page"}],"author":[{"embeddable":true,"href":"https:\/\/www.termalymalebielice.com\/sk\/wp-json\/wp\/v2\/users\/7"}],"replies":[{"embeddable":true,"href":"https:\/\/www.termalymalebielice.com\/sk\/wp-json\/wp\/v2\/comments?post=237"}],"version-history":[{"count":0,"href":"https:\/\/www.termalymalebielice.com\/sk\/wp-json\/wp\/v2\/pages\/237\/revisions"}],"up":[{"embeddable":true,"href":"https:\/\/www.termalymalebielice.com\/sk\/wp-json\/wp\/v2\/pages\/233"}],"wp:attachment":[{"href":"https:\/\/www.termalymalebielice.com\/sk\/wp-json\/wp\/v2\/media?parent=237"}],"curies":[{"name":"wp","href":"https:\/\/api.w.org\/{rel}","templated":true}]}}

Masáže

<p>Odpočinok a relaxácia sú nevyhnutnou súčasťou nášho života. Okrem odpočinku a relaxácie je život lepší, keď je naše telo zdravé a bez bolesti. Preto by ste mali svojmu telu dopriať pravidelné masáže. Masáže majú mnoho výhod: zvyšujú krvný obeh, predchádzajú niektorým chorobám a dokonca uvoľňujú kĺby. Môžete si vybrať z niekoľkých rôznych masáží, od masáží tvárových alebo športových až po komplexné masáže. Nezabudnite kontaktovať našu hotelovú recepciu a dohodnúť si schôdzku s našimi profesionálmi.</p>
<p style="text-align: center">Táto služba je k dispozícii denne od 10:00 do 21:00 na základe vašich vopred naplánovaných schôdzok.</p>

<p>Odpočinok a relaxácia sú nevyhnutnou súčasťou nášho života. Okrem odpočinku a relaxácie je život lepší, keď je naše telo zdravé a bez bolesti. Preto by ste mali svojmu telu dopriať pravidelné masáže. Masáže majú mnoho výhod: zvyšujú krvný obeh, predchádzajú niektorým chorobám a dokonca uvoľňujú kĺby. Môžete si vybrať z niekoľkých rôznych masáží, od masáží [&hellip;]</p>

<!-- This site is optimized with the Yoast SEO plugin v22.3 - https://yoast.com/wordpress/plugins/seo/ -->
<title>Masáže | Termály Malé Bielice</title>
<meta name="description" content="Môžete si vybrať z rôznych masáží, od masáží tvárových alebo športových až po komplexné masáže. Nezabudnite kontaktovať našu recepciu." />
<meta name="robots" content="index, follow, max-snippet:-1, max-image-preview:large, max-video-preview:-1" />
<link rel="canonical" href="https://www.termalymalebielice.com/sk/wellness-spa-centrum/masaze/" />
<meta property="og:locale" content="sk_SK" />
<meta property="og:type" content="article" />
<meta property="og:title" content="Masáže | Termály Malé Bielice" />
<meta property="og:description" content="Môžete si vybrať z rôznych masáží, od masáží tvárových alebo športových až po komplexné masáže. Nezabudnite kontaktovať našu recepciu." />
<meta property="og:url" content="https://www.termalymalebielice.com/sk/wellness-spa-centrum/masaze/" />
<meta property="og:site_name" content="Termaly Male Bielice" />
<meta property="article:modified_time" content="2024-08-08T10:26:34+00:00" />
<meta name="twitter:card" content="summary_large_image" />
<meta name="twitter:label1" content="Predpokladaný čas čítania" />
	<meta name="twitter:data1" content="1 minúta" />
<script type="application/ld+json" class="yoast-schema-graph">{"@context":"https://schema.org","@graph":[{"@type":"WebPage","@id":"https://www.termalymalebielice.com/sk/wellness-spa-centrum/masaze/","url":"https://www.termalymalebielice.com/sk/wellness-spa-centrum/masaze/","name":"Masáže | Termály Malé Bielice","isPartOf":{"@id":"https://www.termalymalebielice.com/sk/#website"},"datePublished":"2023-12-20T16:14:32+00:00","dateModified":"2024-08-08T10:26:34+00:00","description":"Môžete si vybrať z rôznych masáží, od masáží tvárových alebo športových až po komplexné masáže. Nezabudnite kontaktovať našu recepciu.","breadcrumb":{"@id":"https://www.termalymalebielice.com/sk/wellness-spa-centrum/masaze/#breadcrumb"},"inLanguage":"sk-SK","potentialAction":[{"@type":"ReadAction","target":["https://www.termalymalebielice.com/sk/wellness-spa-centrum/masaze/"]}]},{"@type":"BreadcrumbList","@id":"https://www.termalymalebielice.com/sk/wellness-spa-centrum/masaze/#breadcrumb","itemListElement":[{"@type":"ListItem","position":1,"name":"Home","item":"https://www.termalymalebielice.com/sk/"},{"@type":"ListItem","position":2,"name":"Wellness","item":"https://www.termalymalebielice.com/sk/wellness-spa-centrum/"},{"@type":"ListItem","position":3,"name":"Masáže"}]},{"@type":"WebSite","@id":"https://www.termalymalebielice.com/sk/#website","url":"https://www.termalymalebielice.com/sk/","name":"Termaly Male Bielice","description":"","potentialAction":[{"@type":"SearchAction","target":{"@type":"EntryPoint","urlTemplate":"https://www.termalymalebielice.com/sk/?s={search_term_string}"},"query-input":"required name=search_term_string"}],"inLanguage":"sk-SK"}]}</script>
<!-- / Yoast SEO plugin. -->

Masáže | Termály Malé Bielice

Môžete si vybrať z rôznych masáží, od masáží tvárových alebo športových až po komplexné masáže. Nezabudnite kontaktovať našu recepciu.

1 minúta
