{"id":220,"date":"2023-12-18T16:40:06","date_gmt":"2023-12-18T16:40:06","guid":{"rendered":"https:\/\/termaly-male-bielice.ms2.decms.eu\/?page_id=220"},"modified":"2026-03-03T12:52:04","modified_gmt":"2026-03-03T12:52:04","slug":"restauracia-termaly","status":"publish","type":"page","link":"https:\/\/www.termalymalebielice.com\/sk\/stravovanie\/restauracia-termaly\/","title":{"rendered":"Re\u0161taur\u00e1cia Term\u00e1ly"},"content":{"rendered":"<p style=\"text-align: center\">\u00datuln\u00e1 re\u0161taur\u00e1cia pon\u00faka svoje slu\u017eby nielen ubytovan\u00fdm hos\u0165om, ale aj individu\u00e1lnym z\u00e1kazn\u00edkom. Za posledn\u00e9 roky sa stala re\u0161taur\u00e1cia vyh\u013ead\u00e1vanou pri organizovan\u00ed svadobn\u00fdch hostin \u010di s\u00fakromn\u00fdch a firemn\u00fdch osl\u00e1v. Re\u0161taur\u00e1cia pon\u00faka dom\u00e1ce a medzin\u00e1rodn\u00e9 \u0161peciality, vynikaj\u00face dezerty, skvel\u00e9 v\u00edna, a to v\u0161etko v\u00e1m naserv\u00edruje ochotn\u00fd person\u00e1l. V letnom obdob\u00ed m\u00e1te mo\u017enos\u0165 posedenia na priestrannej krytej terase s ve\u010dern\u00fdm osvetlen\u00edm, ktor\u00e1 je situovan\u00e1 priamo v k\u00fape\u013enom parku plnom zelene.<\/p>\n<p style=\"text-align: center\">V priestoroch na\u0161ej re\u0161taur\u00e1cie v\u00e1m pon\u00fakame usporiadanie rodinn\u00fdch osl\u00e1v, ve\u010dierkov alebo sm\u00fato\u010dn\u00fdch poseden\u00ed. V\u00e4\u010d\u0161ie akcie, ako s\u00fa svadby \u010di konferencie V\u00e1m radi priprav\u00edme v konferen\u010dnej miestnosti, ktor\u00e1 je pre tieto akcie viac vhodn\u00e1. N\u00e1\u0161 ochotn\u00fd t\u00edm zamestnancov zabezpe\u010d\u00ed bezprobl\u00e9mov\u00fd priebeh va\u0161ej udalosti. \u010ci u\u017e s\u00fa to narodeniny, prom\u00f3cie alebo svadba, sme v\u00e1m plne k dispoz\u00edci\u00ed.<\/p>\n<p style=\"text-align: center\">Kontakt na mana\u017e\u00e9ra F&amp;B: +421 911 291648<\/p>\n<p style=\"text-align: center\">Te\u0161\u00edme sa na Va\u0161u n\u00e1v\u0161tevu!<\/p>\n","protected":false},"excerpt":{"rendered":"<p>\u00datuln\u00e1 re\u0161taur\u00e1cia pon\u00faka svoje slu\u017eby nielen ubytovan\u00fdm hos\u0165om, ale aj individu\u00e1lnym z\u00e1kazn\u00edkom. Za posledn\u00e9 roky sa stala re\u0161taur\u00e1cia vyh\u013ead\u00e1vanou pri organizovan\u00ed svadobn\u00fdch hostin \u010di s\u00fakromn\u00fdch a firemn\u00fdch osl\u00e1v. Re\u0161taur\u00e1cia pon\u00faka dom\u00e1ce a medzin\u00e1rodn\u00e9 \u0161peciality, vynikaj\u00face dezerty, skvel\u00e9 v\u00edna, a to v\u0161etko v\u00e1m naserv\u00edruje ochotn\u00fd person\u00e1l. V letnom obdob\u00ed m\u00e1te mo\u017enos\u0165 posedenia na priestrannej krytej terase [&hellip;]<\/p>\n","protected":false},"author":7,"featured_media":0,"parent":214,"menu_order":10,"comment_status":"closed","ping_status":"closed","template":"template-single-restaurant.php","meta":{"footnotes":""},"yoast_head":"<!-- This site is optimized with the Yoast SEO plugin v22.3 - https:\/\/yoast.com\/wordpress\/plugins\/seo\/ -->\n<title>Re\u0161taur\u00e1cia Term\u00e1ly | Term\u00e1ly Mal\u00e9 Bielice<\/title>\n<meta name=\"description\" content=\"Re\u0161taur\u00e1cia pon\u00faka dom\u00e1ce a medzin\u00e1rodn\u00e9 \u0161peciality, skvel\u00e9 v\u00edna, a to v\u0161etko v\u00e1m naserv\u00edruje ochotn\u00fd person\u00e1l. Letn\u00e1 terasa otvoren\u00e1.\" \/>\n<meta name=\"robots\" content=\"index, follow, max-snippet:-1, max-image-preview:large, max-video-preview:-1\" \/>\n<link rel=\"canonical\" href=\"https:\/\/www.termalymalebielice.com\/sk\/stravovanie\/restauracia-termaly\/\" \/>\n<meta property=\"og:locale\" content=\"sk_SK\" \/>\n<meta property=\"og:type\" content=\"article\" \/>\n<meta property=\"og:title\" content=\"Re\u0161taur\u00e1cia Term\u00e1ly | Term\u00e1ly Mal\u00e9 Bielice\" \/>\n<meta property=\"og:description\" content=\"Re\u0161taur\u00e1cia pon\u00faka dom\u00e1ce a medzin\u00e1rodn\u00e9 \u0161peciality, skvel\u00e9 v\u00edna, a to v\u0161etko v\u00e1m naserv\u00edruje ochotn\u00fd person\u00e1l. Letn\u00e1 terasa otvoren\u00e1.\" \/>\n<meta property=\"og:url\" content=\"https:\/\/www.termalymalebielice.com\/sk\/stravovanie\/restauracia-termaly\/\" \/>\n<meta property=\"og:site_name\" content=\"Termaly Male Bielice\" \/>\n<meta property=\"article:modified_time\" content=\"2026-03-03T12:52:04+00:00\" \/>\n<meta name=\"twitter:card\" content=\"summary_large_image\" \/>\n<meta name=\"twitter:label1\" content=\"Predpokladan\u00fd \u010das \u010d\u00edtania\" \/>\n\t<meta name=\"twitter:data1\" content=\"1 min\u00fata\" \/>\n<script type=\"application\/ld+json\" class=\"yoast-schema-graph\">{\"@context\":\"https:\/\/schema.org\",\"@graph\":[{\"@type\":\"WebPage\",\"@id\":\"https:\/\/www.termalymalebielice.com\/sk\/stravovanie\/restauracia-termaly\/\",\"url\":\"https:\/\/www.termalymalebielice.com\/sk\/stravovanie\/restauracia-termaly\/\",\"name\":\"Re\u0161taur\u00e1cia Term\u00e1ly | Term\u00e1ly Mal\u00e9 Bielice\",\"isPartOf\":{\"@id\":\"https:\/\/www.termalymalebielice.com\/sk\/#website\"},\"datePublished\":\"2023-12-18T16:40:06+00:00\",\"dateModified\":\"2026-03-03T12:52:04+00:00\",\"description\":\"Re\u0161taur\u00e1cia pon\u00faka dom\u00e1ce a medzin\u00e1rodn\u00e9 \u0161peciality, skvel\u00e9 v\u00edna, a to v\u0161etko v\u00e1m naserv\u00edruje ochotn\u00fd person\u00e1l. Letn\u00e1 terasa otvoren\u00e1.\",\"breadcrumb\":{\"@id\":\"https:\/\/www.termalymalebielice.com\/sk\/stravovanie\/restauracia-termaly\/#breadcrumb\"},\"inLanguage\":\"sk-SK\",\"potentialAction\":[{\"@type\":\"ReadAction\",\"target\":[\"https:\/\/www.termalymalebielice.com\/sk\/stravovanie\/restauracia-termaly\/\"]}]},{\"@type\":\"BreadcrumbList\",\"@id\":\"https:\/\/www.termalymalebielice.com\/sk\/stravovanie\/restauracia-termaly\/#breadcrumb\",\"itemListElement\":[{\"@type\":\"ListItem\",\"position\":1,\"name\":\"Home\",\"item\":\"https:\/\/www.termalymalebielice.com\/sk\/\"},{\"@type\":\"ListItem\",\"position\":2,\"name\":\"Stravovanie\",\"item\":\"https:\/\/www.termalymalebielice.com\/sk\/stravovanie\/\"},{\"@type\":\"ListItem\",\"position\":3,\"name\":\"Re\u0161taur\u00e1cia Term\u00e1ly\"}]},{\"@type\":\"WebSite\",\"@id\":\"https:\/\/www.termalymalebielice.com\/sk\/#website\",\"url\":\"https:\/\/www.termalymalebielice.com\/sk\/\",\"name\":\"Termaly Male Bielice\",\"description\":\"\",\"potentialAction\":[{\"@type\":\"SearchAction\",\"target\":{\"@type\":\"EntryPoint\",\"urlTemplate\":\"https:\/\/www.termalymalebielice.com\/sk\/?s={search_term_string}\"},\"query-input\":\"required name=search_term_string\"}],\"inLanguage\":\"sk-SK\"}]}<\/script>\n<!-- \/ Yoast SEO plugin. -->","yoast_head_json":{"title":"Re\u0161taur\u00e1cia Term\u00e1ly | Term\u00e1ly Mal\u00e9 Bielice","description":"Re\u0161taur\u00e1cia pon\u00faka dom\u00e1ce a medzin\u00e1rodn\u00e9 \u0161peciality, skvel\u00e9 v\u00edna, a to v\u0161etko v\u00e1m naserv\u00edruje ochotn\u00fd person\u00e1l. Letn\u00e1 terasa otvoren\u00e1.","robots":{"index":"index","follow":"follow","max-snippet":"max-snippet:-1","max-image-preview":"max-image-preview:large","max-video-preview":"max-video-preview:-1"},"canonical":"https:\/\/www.termalymalebielice.com\/sk\/stravovanie\/restauracia-termaly\/","og_locale":"sk_SK","og_type":"article","og_title":"Re\u0161taur\u00e1cia Term\u00e1ly | Term\u00e1ly Mal\u00e9 Bielice","og_description":"Re\u0161taur\u00e1cia pon\u00faka dom\u00e1ce a medzin\u00e1rodn\u00e9 \u0161peciality, skvel\u00e9 v\u00edna, a to v\u0161etko v\u00e1m naserv\u00edruje ochotn\u00fd person\u00e1l. Letn\u00e1 terasa otvoren\u00e1.","og_url":"https:\/\/www.termalymalebielice.com\/sk\/stravovanie\/restauracia-termaly\/","og_site_name":"Termaly Male Bielice","article_modified_time":"2026-03-03T12:52:04+00:00","twitter_card":"summary_large_image","twitter_misc":{"Predpokladan\u00fd \u010das \u010d\u00edtania":"1 min\u00fata"},"schema":{"@context":"https:\/\/schema.org","@graph":[{"@type":"WebPage","@id":"https:\/\/www.termalymalebielice.com\/sk\/stravovanie\/restauracia-termaly\/","url":"https:\/\/www.termalymalebielice.com\/sk\/stravovanie\/restauracia-termaly\/","name":"Re\u0161taur\u00e1cia Term\u00e1ly | Term\u00e1ly Mal\u00e9 Bielice","isPartOf":{"@id":"https:\/\/www.termalymalebielice.com\/sk\/#website"},"datePublished":"2023-12-18T16:40:06+00:00","dateModified":"2026-03-03T12:52:04+00:00","description":"Re\u0161taur\u00e1cia pon\u00faka dom\u00e1ce a medzin\u00e1rodn\u00e9 \u0161peciality, skvel\u00e9 v\u00edna, a to v\u0161etko v\u00e1m naserv\u00edruje ochotn\u00fd person\u00e1l. Letn\u00e1 terasa otvoren\u00e1.","breadcrumb":{"@id":"https:\/\/www.termalymalebielice.com\/sk\/stravovanie\/restauracia-termaly\/#breadcrumb"},"inLanguage":"sk-SK","potentialAction":[{"@type":"ReadAction","target":["https:\/\/www.termalymalebielice.com\/sk\/stravovanie\/restauracia-termaly\/"]}]},{"@type":"BreadcrumbList","@id":"https:\/\/www.termalymalebielice.com\/sk\/stravovanie\/restauracia-termaly\/#breadcrumb","itemListElement":[{"@type":"ListItem","position":1,"name":"Home","item":"https:\/\/www.termalymalebielice.com\/sk\/"},{"@type":"ListItem","position":2,"name":"Stravovanie","item":"https:\/\/www.termalymalebielice.com\/sk\/stravovanie\/"},{"@type":"ListItem","position":3,"name":"Re\u0161taur\u00e1cia Term\u00e1ly"}]},{"@type":"WebSite","@id":"https:\/\/www.termalymalebielice.com\/sk\/#website","url":"https:\/\/www.termalymalebielice.com\/sk\/","name":"Termaly Male Bielice","description":"","potentialAction":[{"@type":"SearchAction","target":{"@type":"EntryPoint","urlTemplate":"https:\/\/www.termalymalebielice.com\/sk\/?s={search_term_string}"},"query-input":"required name=search_term_string"}],"inLanguage":"sk-SK"}]}},"acf":[],"_links":{"self":[{"href":"https:\/\/www.termalymalebielice.com\/sk\/wp-json\/wp\/v2\/pages\/220"}],"collection":[{"href":"https:\/\/www.termalymalebielice.com\/sk\/wp-json\/wp\/v2\/pages"}],"about":[{"href":"https:\/\/www.termalymalebielice.com\/sk\/wp-json\/wp\/v2\/types\/page"}],"author":[{"embeddable":true,"href":"https:\/\/www.termalymalebielice.com\/sk\/wp-json\/wp\/v2\/users\/7"}],"replies":[{"embeddable":true,"href":"https:\/\/www.termalymalebielice.com\/sk\/wp-json\/wp\/v2\/comments?post=220"}],"version-history":[{"count":0,"href":"https:\/\/www.termalymalebielice.com\/sk\/wp-json\/wp\/v2\/pages\/220\/revisions"}],"up":[{"embeddable":true,"href":"https:\/\/www.termalymalebielice.com\/sk\/wp-json\/wp\/v2\/pages\/214"}],"wp:attachment":[{"href":"https:\/\/www.termalymalebielice.com\/sk\/wp-json\/wp\/v2\/media?parent=220"}],"curies":[{"name":"wp","href":"https:\/\/api.w.org\/{rel}","templated":true}]}}

Reštaurácia Termály

<p style="text-align: center">Útulná reštaurácia ponúka svoje služby nielen ubytovaným hosťom, ale aj individuálnym zákazníkom. Za posledné roky sa stala reštaurácia vyhľadávanou pri organizovaní svadobných hostin či súkromných a firemných osláv. Reštaurácia ponúka domáce a medzinárodné špeciality, vynikajúce dezerty, skvelé vína, a to všetko vám naservíruje ochotný personál. V letnom období máte možnosť posedenia na priestrannej krytej terase s večerným osvetlením, ktorá je situovaná priamo v kúpeľnom parku plnom zelene.</p>
<p style="text-align: center">V priestoroch našej reštaurácie vám ponúkame usporiadanie rodinných osláv, večierkov alebo smútočných posedení. Väčšie akcie, ako sú svadby či konferencie Vám radi pripravíme v konferenčnej miestnosti, ktorá je pre tieto akcie viac vhodná. Náš ochotný tím zamestnancov zabezpečí bezproblémový priebeh vašej udalosti. Či už sú to narodeniny, promócie alebo svadba, sme vám plne k dispozícií.</p>
<p style="text-align: center">Kontakt na manažéra F&amp;B: +421 911 291648</p>
<p style="text-align: center">Tešíme sa na Vašu návštevu!</p>

<p>Útulná reštaurácia ponúka svoje služby nielen ubytovaným hosťom, ale aj individuálnym zákazníkom. Za posledné roky sa stala reštaurácia vyhľadávanou pri organizovaní svadobných hostin či súkromných a firemných osláv. Reštaurácia ponúka domáce a medzinárodné špeciality, vynikajúce dezerty, skvelé vína, a to všetko vám naservíruje ochotný personál. V letnom období máte možnosť posedenia na priestrannej krytej terase [&hellip;]</p>

<!-- This site is optimized with the Yoast SEO plugin v22.3 - https://yoast.com/wordpress/plugins/seo/ -->
<title>Reštaurácia Termály | Termály Malé Bielice</title>
<meta name="description" content="Reštaurácia ponúka domáce a medzinárodné špeciality, skvelé vína, a to všetko vám naservíruje ochotný personál. Letná terasa otvorená." />
<meta name="robots" content="index, follow, max-snippet:-1, max-image-preview:large, max-video-preview:-1" />
<link rel="canonical" href="https://www.termalymalebielice.com/sk/stravovanie/restauracia-termaly/" />
<meta property="og:locale" content="sk_SK" />
<meta property="og:type" content="article" />
<meta property="og:title" content="Reštaurácia Termály | Termály Malé Bielice" />
<meta property="og:description" content="Reštaurácia ponúka domáce a medzinárodné špeciality, skvelé vína, a to všetko vám naservíruje ochotný personál. Letná terasa otvorená." />
<meta property="og:url" content="https://www.termalymalebielice.com/sk/stravovanie/restauracia-termaly/" />
<meta property="og:site_name" content="Termaly Male Bielice" />
<meta property="article:modified_time" content="2026-03-03T12:52:04+00:00" />
<meta name="twitter:card" content="summary_large_image" />
<meta name="twitter:label1" content="Predpokladaný čas čítania" />
	<meta name="twitter:data1" content="1 minúta" />
<script type="application/ld+json" class="yoast-schema-graph">{"@context":"https://schema.org","@graph":[{"@type":"WebPage","@id":"https://www.termalymalebielice.com/sk/stravovanie/restauracia-termaly/","url":"https://www.termalymalebielice.com/sk/stravovanie/restauracia-termaly/","name":"Reštaurácia Termály | Termály Malé Bielice","isPartOf":{"@id":"https://www.termalymalebielice.com/sk/#website"},"datePublished":"2023-12-18T16:40:06+00:00","dateModified":"2026-03-03T12:52:04+00:00","description":"Reštaurácia ponúka domáce a medzinárodné špeciality, skvelé vína, a to všetko vám naservíruje ochotný personál. Letná terasa otvorená.","breadcrumb":{"@id":"https://www.termalymalebielice.com/sk/stravovanie/restauracia-termaly/#breadcrumb"},"inLanguage":"sk-SK","potentialAction":[{"@type":"ReadAction","target":["https://www.termalymalebielice.com/sk/stravovanie/restauracia-termaly/"]}]},{"@type":"BreadcrumbList","@id":"https://www.termalymalebielice.com/sk/stravovanie/restauracia-termaly/#breadcrumb","itemListElement":[{"@type":"ListItem","position":1,"name":"Home","item":"https://www.termalymalebielice.com/sk/"},{"@type":"ListItem","position":2,"name":"Stravovanie","item":"https://www.termalymalebielice.com/sk/stravovanie/"},{"@type":"ListItem","position":3,"name":"Reštaurácia Termály"}]},{"@type":"WebSite","@id":"https://www.termalymalebielice.com/sk/#website","url":"https://www.termalymalebielice.com/sk/","name":"Termaly Male Bielice","description":"","potentialAction":[{"@type":"SearchAction","target":{"@type":"EntryPoint","urlTemplate":"https://www.termalymalebielice.com/sk/?s={search_term_string}"},"query-input":"required name=search_term_string"}],"inLanguage":"sk-SK"}]}</script>
<!-- / Yoast SEO plugin. -->

Reštaurácia Termály | Termály Malé Bielice

Reštaurácia ponúka domáce a medzinárodné špeciality, skvelé vína, a to všetko vám naservíruje ochotný personál. Letná terasa otvorená.

1 minúta
