{"id":212,"date":"2023-12-18T15:15:21","date_gmt":"2023-12-18T15:15:21","guid":{"rendered":"https:\/\/termaly-male-bielice.ms2.decms.eu\/?page_id=212"},"modified":"2025-02-13T09:16:58","modified_gmt":"2025-02-13T09:16:58","slug":"izba-rodinna","status":"publish","type":"page","link":"https:\/\/www.termalymalebielice.com\/sk\/izby-pre-hosti\/izba-rodinna\/","title":{"rendered":"Izba rodinn\u00e1"},"content":{"rendered":"<p>Pre rodinu s de\u0165mi alebo vn\u00fa\u010dat\u00e1 so star\u00fdmi rodi\u010dmi je vhodn\u00e1 t\u00e1to dvojizba. Pon\u00faka pohodlie pre cel\u00fa rodinu, mno\u017estvo priestoru pre v\u0161etk\u00fdch.<\/p>\n","protected":false},"excerpt":{"rendered":"<p>Pre rodinu s de\u0165mi alebo vn\u00fa\u010dat\u00e1 so star\u00fdmi rodi\u010dmi je vhodn\u00e1 t\u00e1to dvojizba. Pon\u00faka pohodlie pre cel\u00fa rodinu, mno\u017estvo priestoru pre v\u0161etk\u00fdch.<\/p>\n","protected":false},"author":7,"featured_media":0,"parent":206,"menu_order":30,"comment_status":"closed","ping_status":"closed","template":"template-single-room.php","meta":{"footnotes":""},"class_list":["post-212","page","type-page","status-publish","hentry"],"yoast_head":"<!-- This site is optimized with the Yoast SEO plugin v27.3 - https:\/\/yoast.com\/product\/yoast-seo-wordpress\/ -->\n<title>Izba rodinn\u00e1<\/title>\n<meta name=\"description\" content=\"Pre rodinu s de\u0165mi alebo vn\u00fa\u010dat\u00e1 so star\u00fdmi rodi\u010dmi je vhodn\u00e1 t\u00e1to dvojizba. Pon\u00faka pohodlie a priestor pre cel\u00fa rodinu.\" \/>\n<meta name=\"robots\" content=\"index, follow, max-snippet:-1, max-image-preview:large, max-video-preview:-1\" \/>\n<link rel=\"canonical\" href=\"https:\/\/www.termalymalebielice.com\/sk\/izby-pre-hosti\/izba-rodinna\/\" \/>\n<meta property=\"og:locale\" content=\"sk_SK\" \/>\n<meta property=\"og:type\" content=\"article\" \/>\n<meta property=\"og:title\" content=\"Izba rodinn\u00e1\" \/>\n<meta property=\"og:description\" content=\"Pre rodinu s de\u0165mi alebo vn\u00fa\u010dat\u00e1 so star\u00fdmi rodi\u010dmi je vhodn\u00e1 t\u00e1to dvojizba. Pon\u00faka pohodlie a priestor pre cel\u00fa rodinu.\" \/>\n<meta property=\"og:url\" content=\"https:\/\/www.termalymalebielice.com\/sk\/izby-pre-hosti\/izba-rodinna\/\" \/>\n<meta property=\"og:site_name\" content=\"Termaly Male Bielice\" \/>\n<meta property=\"article:modified_time\" content=\"2025-02-13T09:16:58+00:00\" \/>\n<meta name=\"twitter:card\" content=\"summary_large_image\" \/>\n<meta name=\"twitter:label1\" content=\"Predpokladan\u00fd \u010das \u010d\u00edtania\" \/>\n\t<meta name=\"twitter:data1\" content=\"1 min\u00fata\" \/>\n<script type=\"application\/ld+json\" class=\"yoast-schema-graph\">{\"@context\":\"https:\\\/\\\/schema.org\",\"@graph\":[{\"@type\":\"WebPage\",\"@id\":\"https:\\\/\\\/www.termalymalebielice.com\\\/sk\\\/izby-pre-hosti\\\/izba-rodinna\\\/\",\"url\":\"https:\\\/\\\/www.termalymalebielice.com\\\/sk\\\/izby-pre-hosti\\\/izba-rodinna\\\/\",\"name\":\"Izba rodinn\u00e1\",\"isPartOf\":{\"@id\":\"https:\\\/\\\/www.termalymalebielice.com\\\/sk\\\/#website\"},\"datePublished\":\"2023-12-18T15:15:21+00:00\",\"dateModified\":\"2025-02-13T09:16:58+00:00\",\"description\":\"Pre rodinu s de\u0165mi alebo vn\u00fa\u010dat\u00e1 so star\u00fdmi rodi\u010dmi je vhodn\u00e1 t\u00e1to dvojizba. Pon\u00faka pohodlie a priestor pre cel\u00fa rodinu.\",\"breadcrumb\":{\"@id\":\"https:\\\/\\\/www.termalymalebielice.com\\\/sk\\\/izby-pre-hosti\\\/izba-rodinna\\\/#breadcrumb\"},\"inLanguage\":\"sk-SK\",\"potentialAction\":[{\"@type\":\"ReadAction\",\"target\":[\"https:\\\/\\\/www.termalymalebielice.com\\\/sk\\\/izby-pre-hosti\\\/izba-rodinna\\\/\"]}]},{\"@type\":\"BreadcrumbList\",\"@id\":\"https:\\\/\\\/www.termalymalebielice.com\\\/sk\\\/izby-pre-hosti\\\/izba-rodinna\\\/#breadcrumb\",\"itemListElement\":[{\"@type\":\"ListItem\",\"position\":1,\"name\":\"Home\",\"item\":\"https:\\\/\\\/www.termalymalebielice.com\\\/sk\\\/\"},{\"@type\":\"ListItem\",\"position\":2,\"name\":\"Izby pre host\u00ed\",\"item\":\"https:\\\/\\\/www.termalymalebielice.com\\\/sk\\\/izby-pre-hosti\\\/\"},{\"@type\":\"ListItem\",\"position\":3,\"name\":\"Izba rodinn\u00e1\"}]},{\"@type\":\"WebSite\",\"@id\":\"https:\\\/\\\/www.termalymalebielice.com\\\/sk\\\/#website\",\"url\":\"https:\\\/\\\/www.termalymalebielice.com\\\/sk\\\/\",\"name\":\"Termaly Male Bielice\",\"description\":\"\",\"potentialAction\":[{\"@type\":\"SearchAction\",\"target\":{\"@type\":\"EntryPoint\",\"urlTemplate\":\"https:\\\/\\\/www.termalymalebielice.com\\\/sk\\\/?s={search_term_string}\"},\"query-input\":{\"@type\":\"PropertyValueSpecification\",\"valueRequired\":true,\"valueName\":\"search_term_string\"}}],\"inLanguage\":\"sk-SK\"}]}<\/script>\n<!-- \/ Yoast SEO plugin. -->","yoast_head_json":{"title":"Izba rodinn\u00e1","description":"Pre rodinu s de\u0165mi alebo vn\u00fa\u010dat\u00e1 so star\u00fdmi rodi\u010dmi je vhodn\u00e1 t\u00e1to dvojizba. Pon\u00faka pohodlie a priestor pre cel\u00fa rodinu.","robots":{"index":"index","follow":"follow","max-snippet":"max-snippet:-1","max-image-preview":"max-image-preview:large","max-video-preview":"max-video-preview:-1"},"canonical":"https:\/\/www.termalymalebielice.com\/sk\/izby-pre-hosti\/izba-rodinna\/","og_locale":"sk_SK","og_type":"article","og_title":"Izba rodinn\u00e1","og_description":"Pre rodinu s de\u0165mi alebo vn\u00fa\u010dat\u00e1 so star\u00fdmi rodi\u010dmi je vhodn\u00e1 t\u00e1to dvojizba. Pon\u00faka pohodlie a priestor pre cel\u00fa rodinu.","og_url":"https:\/\/www.termalymalebielice.com\/sk\/izby-pre-hosti\/izba-rodinna\/","og_site_name":"Termaly Male Bielice","article_modified_time":"2025-02-13T09:16:58+00:00","twitter_card":"summary_large_image","twitter_misc":{"Predpokladan\u00fd \u010das \u010d\u00edtania":"1 min\u00fata"},"schema":{"@context":"https:\/\/schema.org","@graph":[{"@type":"WebPage","@id":"https:\/\/www.termalymalebielice.com\/sk\/izby-pre-hosti\/izba-rodinna\/","url":"https:\/\/www.termalymalebielice.com\/sk\/izby-pre-hosti\/izba-rodinna\/","name":"Izba rodinn\u00e1","isPartOf":{"@id":"https:\/\/www.termalymalebielice.com\/sk\/#website"},"datePublished":"2023-12-18T15:15:21+00:00","dateModified":"2025-02-13T09:16:58+00:00","description":"Pre rodinu s de\u0165mi alebo vn\u00fa\u010dat\u00e1 so star\u00fdmi rodi\u010dmi je vhodn\u00e1 t\u00e1to dvojizba. Pon\u00faka pohodlie a priestor pre cel\u00fa rodinu.","breadcrumb":{"@id":"https:\/\/www.termalymalebielice.com\/sk\/izby-pre-hosti\/izba-rodinna\/#breadcrumb"},"inLanguage":"sk-SK","potentialAction":[{"@type":"ReadAction","target":["https:\/\/www.termalymalebielice.com\/sk\/izby-pre-hosti\/izba-rodinna\/"]}]},{"@type":"BreadcrumbList","@id":"https:\/\/www.termalymalebielice.com\/sk\/izby-pre-hosti\/izba-rodinna\/#breadcrumb","itemListElement":[{"@type":"ListItem","position":1,"name":"Home","item":"https:\/\/www.termalymalebielice.com\/sk\/"},{"@type":"ListItem","position":2,"name":"Izby pre host\u00ed","item":"https:\/\/www.termalymalebielice.com\/sk\/izby-pre-hosti\/"},{"@type":"ListItem","position":3,"name":"Izba rodinn\u00e1"}]},{"@type":"WebSite","@id":"https:\/\/www.termalymalebielice.com\/sk\/#website","url":"https:\/\/www.termalymalebielice.com\/sk\/","name":"Termaly Male Bielice","description":"","potentialAction":[{"@type":"SearchAction","target":{"@type":"EntryPoint","urlTemplate":"https:\/\/www.termalymalebielice.com\/sk\/?s={search_term_string}"},"query-input":{"@type":"PropertyValueSpecification","valueRequired":true,"valueName":"search_term_string"}}],"inLanguage":"sk-SK"}]}},"acf":[],"_links":{"self":[{"href":"https:\/\/www.termalymalebielice.com\/sk\/wp-json\/wp\/v2\/pages\/212","targetHints":{"allow":["GET"]}}],"collection":[{"href":"https:\/\/www.termalymalebielice.com\/sk\/wp-json\/wp\/v2\/pages"}],"about":[{"href":"https:\/\/www.termalymalebielice.com\/sk\/wp-json\/wp\/v2\/types\/page"}],"author":[{"embeddable":true,"href":"https:\/\/www.termalymalebielice.com\/sk\/wp-json\/wp\/v2\/users\/7"}],"replies":[{"embeddable":true,"href":"https:\/\/www.termalymalebielice.com\/sk\/wp-json\/wp\/v2\/comments?post=212"}],"version-history":[{"count":0,"href":"https:\/\/www.termalymalebielice.com\/sk\/wp-json\/wp\/v2\/pages\/212\/revisions"}],"up":[{"embeddable":true,"href":"https:\/\/www.termalymalebielice.com\/sk\/wp-json\/wp\/v2\/pages\/206"}],"wp:attachment":[{"href":"https:\/\/www.termalymalebielice.com\/sk\/wp-json\/wp\/v2\/media?parent=212"}],"curies":[{"name":"wp","href":"https:\/\/api.w.org\/{rel}","templated":true}]}}

Izba rodinná

<p>Pre rodinu s deťmi alebo vnúčatá so starými rodičmi je vhodná táto dvojizba. Ponúka pohodlie pre celú rodinu, množstvo priestoru pre všetkých.</p>

<!-- This site is optimized with the Yoast SEO plugin v27.3 - https://yoast.com/product/yoast-seo-wordpress/ -->
<title>Izba rodinná</title>
<meta name="description" content="Pre rodinu s deťmi alebo vnúčatá so starými rodičmi je vhodná táto dvojizba. Ponúka pohodlie a priestor pre celú rodinu." />
<meta name="robots" content="index, follow, max-snippet:-1, max-image-preview:large, max-video-preview:-1" />
<link rel="canonical" href="https://www.termalymalebielice.com/sk/izby-pre-hosti/izba-rodinna/" />
<meta property="og:locale" content="sk_SK" />
<meta property="og:type" content="article" />
<meta property="og:title" content="Izba rodinná" />
<meta property="og:description" content="Pre rodinu s deťmi alebo vnúčatá so starými rodičmi je vhodná táto dvojizba. Ponúka pohodlie a priestor pre celú rodinu." />
<meta property="og:url" content="https://www.termalymalebielice.com/sk/izby-pre-hosti/izba-rodinna/" />
<meta property="og:site_name" content="Termaly Male Bielice" />
<meta property="article:modified_time" content="2025-02-13T09:16:58+00:00" />
<meta name="twitter:card" content="summary_large_image" />
<meta name="twitter:label1" content="Predpokladaný čas čítania" />
	<meta name="twitter:data1" content="1 minúta" />
<script type="application/ld+json" class="yoast-schema-graph">{"@context":"https:\/\/schema.org","@graph":[{"@type":"WebPage","@id":"https:\/\/www.termalymalebielice.com\/sk\/izby-pre-hosti\/izba-rodinna\/","url":"https:\/\/www.termalymalebielice.com\/sk\/izby-pre-hosti\/izba-rodinna\/","name":"Izba rodinná","isPartOf":{"@id":"https:\/\/www.termalymalebielice.com\/sk\/#website"},"datePublished":"2023-12-18T15:15:21+00:00","dateModified":"2025-02-13T09:16:58+00:00","description":"Pre rodinu s deťmi alebo vnúčatá so starými rodičmi je vhodná táto dvojizba. Ponúka pohodlie a priestor pre celú rodinu.","breadcrumb":{"@id":"https:\/\/www.termalymalebielice.com\/sk\/izby-pre-hosti\/izba-rodinna\/#breadcrumb"},"inLanguage":"sk-SK","potentialAction":[{"@type":"ReadAction","target":["https:\/\/www.termalymalebielice.com\/sk\/izby-pre-hosti\/izba-rodinna\/"]}]},{"@type":"BreadcrumbList","@id":"https:\/\/www.termalymalebielice.com\/sk\/izby-pre-hosti\/izba-rodinna\/#breadcrumb","itemListElement":[{"@type":"ListItem","position":1,"name":"Home","item":"https:\/\/www.termalymalebielice.com\/sk\/"},{"@type":"ListItem","position":2,"name":"Izby pre hostí","item":"https:\/\/www.termalymalebielice.com\/sk\/izby-pre-hosti\/"},{"@type":"ListItem","position":3,"name":"Izba rodinná"}]},{"@type":"WebSite","@id":"https:\/\/www.termalymalebielice.com\/sk\/#website","url":"https:\/\/www.termalymalebielice.com\/sk\/","name":"Termaly Male Bielice","description":"","potentialAction":[{"@type":"SearchAction","target":{"@type":"EntryPoint","urlTemplate":"https:\/\/www.termalymalebielice.com\/sk\/?s={search_term_string}"},"query-input":{"@type":"PropertyValueSpecification","valueRequired":true,"valueName":"search_term_string"}}],"inLanguage":"sk-SK"}]}</script>
<!-- / Yoast SEO plugin. -->

Pre rodinu s deťmi alebo vnúčatá so starými rodičmi je vhodná táto dvojizba. Ponúka pohodlie a priestor pre celú rodinu.

1 minúta

Izby pre hostí
