{"id":206,"date":"2023-12-18T11:22:38","date_gmt":"2023-12-18T11:22:38","guid":{"rendered":"https:\/\/termaly-male-bielice.ms2.decms.eu\/?page_id=206"},"modified":"2025-05-28T12:13:58","modified_gmt":"2025-05-28T12:13:58","slug":"izby-pre-hosti","status":"publish","type":"page","link":"https:\/\/www.termalymalebielice.com\/sk\/izby-pre-hosti\/","title":{"rendered":"Izby pre host\u00ed"},"content":{"rendered":"<p style=\"text-align: center\">Pre t\u00fdch, ktor\u00ed h\u013eadaj\u00fa miesto na oddych v spojen\u00ed s kvalitn\u00fdmi slu\u017ebami, \u00fastretov\u00fdm person\u00e1lom a relaxa\u010dn\u00fdm vybaven\u00edm, pon\u00fakaj\u00fa Term\u00e1ly Mal\u00e9 Bielice skuto\u010dne atrakt\u00edvny bal\u00ed\u010dek. Ned\u00e1vno sme v\u0161etky hotelov\u00e9 izby vybavili nov\u00fdmi telev\u00edzormi s informa\u010dn\u00fdm syst\u00e9mom a zaviedli sme elektronick\u00e9 k\u013e\u00fa\u010de pre e\u0161te v\u00e4\u010d\u0161ie pohodlie a bezpe\u010dnos\u0165 na\u0161ich host\u00ed.<\/p>\n","protected":false},"excerpt":{"rendered":"<p>Pre t\u00fdch, ktor\u00ed h\u013eadaj\u00fa miesto na oddych v spojen\u00ed s kvalitn\u00fdmi slu\u017ebami, \u00fastretov\u00fdm person\u00e1lom a relaxa\u010dn\u00fdm vybaven\u00edm, pon\u00fakaj\u00fa Term\u00e1ly Mal\u00e9 Bielice skuto\u010dne atrakt\u00edvny bal\u00ed\u010dek. Ned\u00e1vno sme v\u0161etky hotelov\u00e9 izby vybavili nov\u00fdmi telev\u00edzormi s informa\u010dn\u00fdm syst\u00e9mom a zaviedli sme elektronick\u00e9 k\u013e\u00fa\u010de pre e\u0161te v\u00e4\u010d\u0161ie pohodlie a bezpe\u010dnos\u0165 na\u0161ich host\u00ed.<\/p>\n","protected":false},"author":7,"featured_media":0,"parent":0,"menu_order":10,"comment_status":"closed","ping_status":"closed","template":"template-rooms.php","meta":{"footnotes":""},"class_list":["post-206","page","type-page","status-publish","hentry"],"yoast_head":"<!-- This site is optimized with the Yoast SEO plugin v27.3 - https:\/\/yoast.com\/product\/yoast-seo-wordpress\/ -->\n<title>Pokoje | Term\u00e1ly Mal\u00e9 Bielice<\/title>\n<meta name=\"description\" content=\"Pre t\u00fdch, ktor\u00ed h\u013eadaj\u00fa miesto na oddych s pr\u00edjemn\u00fdmi slu\u017ebami a zdvoril\u00fdm person\u00e1lom , s\u013eubuj\u00fa Term\u00e1ly Mal\u00e9 Bielice skuto\u010dn\u00fd z\u00e1\u017eitok.\" \/>\n<meta name=\"robots\" content=\"index, follow, max-snippet:-1, max-image-preview:large, max-video-preview:-1\" \/>\n<link rel=\"canonical\" href=\"https:\/\/www.termalymalebielice.com\/sk\/izby-pre-hosti\/\" \/>\n<meta property=\"og:locale\" content=\"sk_SK\" \/>\n<meta property=\"og:type\" content=\"article\" \/>\n<meta property=\"og:title\" content=\"Pokoje | Term\u00e1ly Mal\u00e9 Bielice\" \/>\n<meta property=\"og:description\" content=\"Pre t\u00fdch, ktor\u00ed h\u013eadaj\u00fa miesto na oddych s pr\u00edjemn\u00fdmi slu\u017ebami a zdvoril\u00fdm person\u00e1lom , s\u013eubuj\u00fa Term\u00e1ly Mal\u00e9 Bielice skuto\u010dn\u00fd z\u00e1\u017eitok.\" \/>\n<meta property=\"og:url\" content=\"https:\/\/www.termalymalebielice.com\/sk\/izby-pre-hosti\/\" \/>\n<meta property=\"og:site_name\" content=\"Termaly Male Bielice\" \/>\n<meta property=\"article:modified_time\" content=\"2025-05-28T12:13:58+00:00\" \/>\n<meta name=\"twitter:card\" content=\"summary_large_image\" \/>\n<meta name=\"twitter:label1\" content=\"Predpokladan\u00fd \u010das \u010d\u00edtania\" \/>\n\t<meta name=\"twitter:data1\" content=\"1 min\u00fata\" \/>\n<script type=\"application\/ld+json\" class=\"yoast-schema-graph\">{\"@context\":\"https:\\\/\\\/schema.org\",\"@graph\":[{\"@type\":\"WebPage\",\"@id\":\"https:\\\/\\\/www.termalymalebielice.com\\\/sk\\\/izby-pre-hosti\\\/\",\"url\":\"https:\\\/\\\/www.termalymalebielice.com\\\/sk\\\/izby-pre-hosti\\\/\",\"name\":\"Pokoje | Term\u00e1ly Mal\u00e9 Bielice\",\"isPartOf\":{\"@id\":\"https:\\\/\\\/www.termalymalebielice.com\\\/sk\\\/#website\"},\"datePublished\":\"2023-12-18T11:22:38+00:00\",\"dateModified\":\"2025-05-28T12:13:58+00:00\",\"description\":\"Pre t\u00fdch, ktor\u00ed h\u013eadaj\u00fa miesto na oddych s pr\u00edjemn\u00fdmi slu\u017ebami a zdvoril\u00fdm person\u00e1lom , s\u013eubuj\u00fa Term\u00e1ly Mal\u00e9 Bielice skuto\u010dn\u00fd z\u00e1\u017eitok.\",\"breadcrumb\":{\"@id\":\"https:\\\/\\\/www.termalymalebielice.com\\\/sk\\\/izby-pre-hosti\\\/#breadcrumb\"},\"inLanguage\":\"sk-SK\",\"potentialAction\":[{\"@type\":\"ReadAction\",\"target\":[\"https:\\\/\\\/www.termalymalebielice.com\\\/sk\\\/izby-pre-hosti\\\/\"]}]},{\"@type\":\"BreadcrumbList\",\"@id\":\"https:\\\/\\\/www.termalymalebielice.com\\\/sk\\\/izby-pre-hosti\\\/#breadcrumb\",\"itemListElement\":[{\"@type\":\"ListItem\",\"position\":1,\"name\":\"Home\",\"item\":\"https:\\\/\\\/www.termalymalebielice.com\\\/sk\\\/\"},{\"@type\":\"ListItem\",\"position\":2,\"name\":\"Izby pre host\u00ed\"}]},{\"@type\":\"WebSite\",\"@id\":\"https:\\\/\\\/www.termalymalebielice.com\\\/sk\\\/#website\",\"url\":\"https:\\\/\\\/www.termalymalebielice.com\\\/sk\\\/\",\"name\":\"Termaly Male Bielice\",\"description\":\"\",\"potentialAction\":[{\"@type\":\"SearchAction\",\"target\":{\"@type\":\"EntryPoint\",\"urlTemplate\":\"https:\\\/\\\/www.termalymalebielice.com\\\/sk\\\/?s={search_term_string}\"},\"query-input\":{\"@type\":\"PropertyValueSpecification\",\"valueRequired\":true,\"valueName\":\"search_term_string\"}}],\"inLanguage\":\"sk-SK\"}]}<\/script>\n<!-- \/ Yoast SEO plugin. -->","yoast_head_json":{"title":"Pokoje | Term\u00e1ly Mal\u00e9 Bielice","description":"Pre t\u00fdch, ktor\u00ed h\u013eadaj\u00fa miesto na oddych s pr\u00edjemn\u00fdmi slu\u017ebami a zdvoril\u00fdm person\u00e1lom , s\u013eubuj\u00fa Term\u00e1ly Mal\u00e9 Bielice skuto\u010dn\u00fd z\u00e1\u017eitok.","robots":{"index":"index","follow":"follow","max-snippet":"max-snippet:-1","max-image-preview":"max-image-preview:large","max-video-preview":"max-video-preview:-1"},"canonical":"https:\/\/www.termalymalebielice.com\/sk\/izby-pre-hosti\/","og_locale":"sk_SK","og_type":"article","og_title":"Pokoje | Term\u00e1ly Mal\u00e9 Bielice","og_description":"Pre t\u00fdch, ktor\u00ed h\u013eadaj\u00fa miesto na oddych s pr\u00edjemn\u00fdmi slu\u017ebami a zdvoril\u00fdm person\u00e1lom , s\u013eubuj\u00fa Term\u00e1ly Mal\u00e9 Bielice skuto\u010dn\u00fd z\u00e1\u017eitok.","og_url":"https:\/\/www.termalymalebielice.com\/sk\/izby-pre-hosti\/","og_site_name":"Termaly Male Bielice","article_modified_time":"2025-05-28T12:13:58+00:00","twitter_card":"summary_large_image","twitter_misc":{"Predpokladan\u00fd \u010das \u010d\u00edtania":"1 min\u00fata"},"schema":{"@context":"https:\/\/schema.org","@graph":[{"@type":"WebPage","@id":"https:\/\/www.termalymalebielice.com\/sk\/izby-pre-hosti\/","url":"https:\/\/www.termalymalebielice.com\/sk\/izby-pre-hosti\/","name":"Pokoje | Term\u00e1ly Mal\u00e9 Bielice","isPartOf":{"@id":"https:\/\/www.termalymalebielice.com\/sk\/#website"},"datePublished":"2023-12-18T11:22:38+00:00","dateModified":"2025-05-28T12:13:58+00:00","description":"Pre t\u00fdch, ktor\u00ed h\u013eadaj\u00fa miesto na oddych s pr\u00edjemn\u00fdmi slu\u017ebami a zdvoril\u00fdm person\u00e1lom , s\u013eubuj\u00fa Term\u00e1ly Mal\u00e9 Bielice skuto\u010dn\u00fd z\u00e1\u017eitok.","breadcrumb":{"@id":"https:\/\/www.termalymalebielice.com\/sk\/izby-pre-hosti\/#breadcrumb"},"inLanguage":"sk-SK","potentialAction":[{"@type":"ReadAction","target":["https:\/\/www.termalymalebielice.com\/sk\/izby-pre-hosti\/"]}]},{"@type":"BreadcrumbList","@id":"https:\/\/www.termalymalebielice.com\/sk\/izby-pre-hosti\/#breadcrumb","itemListElement":[{"@type":"ListItem","position":1,"name":"Home","item":"https:\/\/www.termalymalebielice.com\/sk\/"},{"@type":"ListItem","position":2,"name":"Izby pre host\u00ed"}]},{"@type":"WebSite","@id":"https:\/\/www.termalymalebielice.com\/sk\/#website","url":"https:\/\/www.termalymalebielice.com\/sk\/","name":"Termaly Male Bielice","description":"","potentialAction":[{"@type":"SearchAction","target":{"@type":"EntryPoint","urlTemplate":"https:\/\/www.termalymalebielice.com\/sk\/?s={search_term_string}"},"query-input":{"@type":"PropertyValueSpecification","valueRequired":true,"valueName":"search_term_string"}}],"inLanguage":"sk-SK"}]}},"acf":[],"_links":{"self":[{"href":"https:\/\/www.termalymalebielice.com\/sk\/wp-json\/wp\/v2\/pages\/206","targetHints":{"allow":["GET"]}}],"collection":[{"href":"https:\/\/www.termalymalebielice.com\/sk\/wp-json\/wp\/v2\/pages"}],"about":[{"href":"https:\/\/www.termalymalebielice.com\/sk\/wp-json\/wp\/v2\/types\/page"}],"author":[{"embeddable":true,"href":"https:\/\/www.termalymalebielice.com\/sk\/wp-json\/wp\/v2\/users\/7"}],"replies":[{"embeddable":true,"href":"https:\/\/www.termalymalebielice.com\/sk\/wp-json\/wp\/v2\/comments?post=206"}],"version-history":[{"count":0,"href":"https:\/\/www.termalymalebielice.com\/sk\/wp-json\/wp\/v2\/pages\/206\/revisions"}],"wp:attachment":[{"href":"https:\/\/www.termalymalebielice.com\/sk\/wp-json\/wp\/v2\/media?parent=206"}],"curies":[{"name":"wp","href":"https:\/\/api.w.org\/{rel}","templated":true}]}}

Izby pre hostí

<p style="text-align: center">Pre tých, ktorí hľadajú miesto na oddych v spojení s kvalitnými službami, ústretovým personálom a relaxačným vybavením, ponúkajú Termály Malé Bielice skutočne atraktívny balíček. Nedávno sme všetky hotelové izby vybavili novými televízormi s informačným systémom a zaviedli sme elektronické kľúče pre ešte väčšie pohodlie a bezpečnosť našich hostí.</p>

<p>Pre tých, ktorí hľadajú miesto na oddych v spojení s kvalitnými službami, ústretovým personálom a relaxačným vybavením, ponúkajú Termály Malé Bielice skutočne atraktívny balíček. Nedávno sme všetky hotelové izby vybavili novými televízormi s informačným systémom a zaviedli sme elektronické kľúče pre ešte väčšie pohodlie a bezpečnosť našich hostí.</p>

<!-- This site is optimized with the Yoast SEO plugin v27.3 - https://yoast.com/product/yoast-seo-wordpress/ -->
<title>Pokoje | Termály Malé Bielice</title>
<meta name="description" content="Pre tých, ktorí hľadajú miesto na oddych s príjemnými službami a zdvorilým personálom , sľubujú Termály Malé Bielice skutočný zážitok." />
<meta name="robots" content="index, follow, max-snippet:-1, max-image-preview:large, max-video-preview:-1" />
<link rel="canonical" href="https://www.termalymalebielice.com/sk/izby-pre-hosti/" />
<meta property="og:locale" content="sk_SK" />
<meta property="og:type" content="article" />
<meta property="og:title" content="Pokoje | Termály Malé Bielice" />
<meta property="og:description" content="Pre tých, ktorí hľadajú miesto na oddych s príjemnými službami a zdvorilým personálom , sľubujú Termály Malé Bielice skutočný zážitok." />
<meta property="og:url" content="https://www.termalymalebielice.com/sk/izby-pre-hosti/" />
<meta property="og:site_name" content="Termaly Male Bielice" />
<meta property="article:modified_time" content="2025-05-28T12:13:58+00:00" />
<meta name="twitter:card" content="summary_large_image" />
<meta name="twitter:label1" content="Predpokladaný čas čítania" />
	<meta name="twitter:data1" content="1 minúta" />
<script type="application/ld+json" class="yoast-schema-graph">{"@context":"https:\/\/schema.org","@graph":[{"@type":"WebPage","@id":"https:\/\/www.termalymalebielice.com\/sk\/izby-pre-hosti\/","url":"https:\/\/www.termalymalebielice.com\/sk\/izby-pre-hosti\/","name":"Pokoje | Termály Malé Bielice","isPartOf":{"@id":"https:\/\/www.termalymalebielice.com\/sk\/#website"},"datePublished":"2023-12-18T11:22:38+00:00","dateModified":"2025-05-28T12:13:58+00:00","description":"Pre tých, ktorí hľadajú miesto na oddych s príjemnými službami a zdvorilým personálom , sľubujú Termály Malé Bielice skutočný zážitok.","breadcrumb":{"@id":"https:\/\/www.termalymalebielice.com\/sk\/izby-pre-hosti\/#breadcrumb"},"inLanguage":"sk-SK","potentialAction":[{"@type":"ReadAction","target":["https:\/\/www.termalymalebielice.com\/sk\/izby-pre-hosti\/"]}]},{"@type":"BreadcrumbList","@id":"https:\/\/www.termalymalebielice.com\/sk\/izby-pre-hosti\/#breadcrumb","itemListElement":[{"@type":"ListItem","position":1,"name":"Home","item":"https:\/\/www.termalymalebielice.com\/sk\/"},{"@type":"ListItem","position":2,"name":"Izby pre hostí"}]},{"@type":"WebSite","@id":"https:\/\/www.termalymalebielice.com\/sk\/#website","url":"https:\/\/www.termalymalebielice.com\/sk\/","name":"Termaly Male Bielice","description":"","potentialAction":[{"@type":"SearchAction","target":{"@type":"EntryPoint","urlTemplate":"https:\/\/www.termalymalebielice.com\/sk\/?s={search_term_string}"},"query-input":{"@type":"PropertyValueSpecification","valueRequired":true,"valueName":"search_term_string"}}],"inLanguage":"sk-SK"}]}</script>
<!-- / Yoast SEO plugin. -->

Pokoje | Termály Malé Bielice

Pre tých, ktorí hľadajú miesto na oddych s príjemnými službami a zdvorilým personálom , sľubujú Termály Malé Bielice skutočný zážitok.

1 minúta
