{"id":710,"date":"2023-12-21T15:25:09","date_gmt":"2023-12-21T15:25:09","guid":{"rendered":"https:\/\/www.termalymalebielice.com\/?page_id=710"},"modified":"2025-05-20T07:46:09","modified_gmt":"2025-05-20T07:46:09","slug":"kde-nas-najdete","status":"publish","type":"page","link":"https:\/\/www.termalymalebielice.com\/cs\/kde-nas-najdete\/","title":{"rendered":"Kde n\u00e1s najdete"},"content":{"rendered":"<div class=\"n4sEPd\">\n<div class=\"FFpbKc\"><\/div>\n<\/div>\n<div class=\"QcsUad BDJ8fb BLojaf sMVRZe hCXDsb wneUed\">\n<p class=\"oBOnKe\" style=\"text-align: center\"><span class=\"jCAhz\" style=\"font-size: 16px\"><span class=\"ryNqvb\">Obec Mal\u00e9 Bielice je klidn\u00e1, okrajov\u00e1 \u010d\u00e1st m\u011bsta Partiz\u00e1nske, le\u017e\u00edc\u00ed 60 km od moravsko-slovensk\u00e9 hranice (p\u0159echod Mal\u00fd Hrozenkov) p\u0159\u00edmo na trase Nitra-Prievidza.<\/span><\/span><\/p>\n<p class=\"oBOnKe\" style=\"text-align: center\"><span class=\"jCAhz\" style=\"font-size: 16px\"><span class=\"ryNqvb\">Wellness hotel vyrostl p\u0159\u00edmo v m\u00edstech, kde p\u0159irozen\u011b vyv\u011br\u00e1 tepl\u00e1 miner\u00e1ln\u00ed voda dosahuj\u00edc\u00ed teploty a\u017e 39 stup\u0148\u016f Celsia.<\/span><\/span> <span class=\"jCAhz ChMk0b\" style=\"font-size: 16px\"><span class=\"ryNqvb\">Balneologov\u00e9 zde objevili t\u0159i r\u016fzn\u00e9 prameny, kter\u00e9 maj\u00ed velmi p\u0159\u00edzniv\u00e9 \u00fa\u010dinky zejm\u00e9na na pohybov\u00e9 \u00fastroj\u00ed, nervov\u00fd syst\u00e9m, rehabilitaci a regeneraci organismu. <\/span><\/span><span class=\"jCAhz ChMk0b\" style=\"font-size: 16px\"><span class=\"ryNqvb\">Celkov\u011b lze \u0159\u00edci, \u017ee Mal\u00e9 Bielice jsou ide\u00e1ln\u00edm m\u00edstem pro ty, kte\u0159\u00ed hledaj\u00ed odpo\u010dinek ve spojen\u00ed s p\u0159\u00edrodou na Slovensku.<\/span><\/span> <span class=\"jCAhz\" style=\"font-size: 16px\"><span class=\"ryNqvb\">K dispozici jsou klidov\u00e9, relaxa\u010dn\u00ed a relaxa\u010dn\u00ed baz\u00e9ny, toalety a sauny.<\/span><\/span> <span class=\"jCAhz ChMk0b\" style=\"font-size: 16px\"><span class=\"ryNqvb\">Cel\u00fd are\u00e1l prot\u00edn\u00e1 mal\u00e1 parkov\u00e1 promen\u00e1da.<\/span><\/span><\/p>\n<p class=\"oBOnKe\" style=\"text-align: center\"><span class=\"jCAhz ChMk0b\" style=\"font-size: 16px\"><span class=\"ryNqvb\">P\u0159\u00edroda v Mal\u00fdch Bielic\u00edch je n\u00e1dhern\u00e1 a nab\u00edz\u00ed mo\u017enosti pro p\u011b\u0161\u00ed t\u00faru nebo t\u00faru na kole.<\/span><\/span> <span class=\"jCAhz ChMk0b\" style=\"font-size: 16px\"><span class=\"ryNqvb\">Je to m\u00edsto pro ty, kte\u0159\u00ed hledaj\u00ed klidnou a ni\u010d\u00edm neru\u0161enou dovolenou. <\/span><\/span><\/p>\n<p class=\"oBOnKe\" style=\"text-align: center\"><span class=\"jCAhz ChMk0b\" style=\"font-size: 16px\"><span class=\"ryNqvb\">Pobyt na tomto m\u00edst\u011b p\u0159in\u00e1\u0161\u00ed relaxa\u010dn\u00ed \u00fa\u010dinky pro t\u011blo i du\u0161i&#8230;<\/span><\/span><\/p>\n<\/div>\n","protected":false},"excerpt":{"rendered":"<p>Obec Mal\u00e9 Bielice je klidn\u00e1, okrajov\u00e1 \u010d\u00e1st m\u011bsta Partiz\u00e1nske, le\u017e\u00edc\u00ed 60 km od moravsko-slovensk\u00e9 hranice (p\u0159echod Mal\u00fd Hrozenkov) p\u0159\u00edmo na trase Nitra-Prievidza. Wellness hotel vyrostl p\u0159\u00edmo v m\u00edstech, kde p\u0159irozen\u011b vyv\u011br\u00e1 tepl\u00e1 miner\u00e1ln\u00ed voda dosahuj\u00edc\u00ed teploty a\u017e 39 stup\u0148\u016f Celsia. Balneologov\u00e9 zde objevili t\u0159i r\u016fzn\u00e9 prameny, kter\u00e9 maj\u00ed velmi p\u0159\u00edzniv\u00e9 \u00fa\u010dinky zejm\u00e9na na pohybov\u00e9 \u00fastroj\u00ed, [&hellip;]<\/p>\n","protected":false},"author":46,"featured_media":0,"parent":0,"menu_order":80,"comment_status":"closed","ping_status":"closed","template":"template-location.php","meta":{"footnotes":""},"class_list":["post-710","page","type-page","status-publish","hentry"],"yoast_head":"<!-- This site is optimized with the Yoast SEO plugin v27.3 - https:\/\/yoast.com\/product\/yoast-seo-wordpress\/ -->\n<title>Kde n\u00e1s najdete - Termaly Male Bielice -<\/title>\n<meta name=\"description\" content=\"Mal\u00e9 Bielice u Partiz\u00e1nskeho nab\u00edz\u00ed t\u0159i prameny tepl\u00e9 miner\u00e1ln\u00ed vody a ide\u00e1ln\u00ed relaxaci v p\u0159\u00edrod\u011b se saunami a baz\u00e9ny.\" \/>\n<meta name=\"robots\" content=\"index, follow, max-snippet:-1, max-image-preview:large, max-video-preview:-1\" \/>\n<link rel=\"canonical\" href=\"https:\/\/www.termalymalebielice.com\/cs\/kde-nas-najdete\/\" \/>\n<meta property=\"og:locale\" content=\"cs_CZ\" \/>\n<meta property=\"og:type\" content=\"article\" \/>\n<meta property=\"og:title\" content=\"Kde n\u00e1s najdete - Termaly Male Bielice -\" \/>\n<meta property=\"og:description\" content=\"Mal\u00e9 Bielice u Partiz\u00e1nskeho nab\u00edz\u00ed t\u0159i prameny tepl\u00e9 miner\u00e1ln\u00ed vody a ide\u00e1ln\u00ed relaxaci v p\u0159\u00edrod\u011b se saunami a baz\u00e9ny.\" \/>\n<meta property=\"og:url\" content=\"https:\/\/www.termalymalebielice.com\/cs\/kde-nas-najdete\/\" \/>\n<meta property=\"og:site_name\" content=\"Termaly Male Bielice\" \/>\n<meta property=\"article:modified_time\" content=\"2025-05-20T07:46:09+00:00\" \/>\n<meta name=\"twitter:card\" content=\"summary_large_image\" \/>\n<meta name=\"twitter:label1\" content=\"Odhadovan\u00e1 doba \u010dten\u00ed\" \/>\n\t<meta name=\"twitter:data1\" content=\"1 minuta\" \/>\n<script type=\"application\/ld+json\" class=\"yoast-schema-graph\">{\"@context\":\"https:\\\/\\\/schema.org\",\"@graph\":[{\"@type\":\"WebPage\",\"@id\":\"https:\\\/\\\/www.termalymalebielice.com\\\/cs\\\/kde-nas-najdete\\\/\",\"url\":\"https:\\\/\\\/www.termalymalebielice.com\\\/cs\\\/kde-nas-najdete\\\/\",\"name\":\"Kde n\u00e1s najdete - Termaly Male Bielice -\",\"isPartOf\":{\"@id\":\"https:\\\/\\\/www.termalymalebielice.com\\\/cs\\\/#website\"},\"datePublished\":\"2023-12-21T15:25:09+00:00\",\"dateModified\":\"2025-05-20T07:46:09+00:00\",\"description\":\"Mal\u00e9 Bielice u Partiz\u00e1nskeho nab\u00edz\u00ed t\u0159i prameny tepl\u00e9 miner\u00e1ln\u00ed vody a ide\u00e1ln\u00ed relaxaci v p\u0159\u00edrod\u011b se saunami a baz\u00e9ny.\",\"breadcrumb\":{\"@id\":\"https:\\\/\\\/www.termalymalebielice.com\\\/cs\\\/kde-nas-najdete\\\/#breadcrumb\"},\"inLanguage\":\"cs\",\"potentialAction\":[{\"@type\":\"ReadAction\",\"target\":[\"https:\\\/\\\/www.termalymalebielice.com\\\/cs\\\/kde-nas-najdete\\\/\"]}]},{\"@type\":\"BreadcrumbList\",\"@id\":\"https:\\\/\\\/www.termalymalebielice.com\\\/cs\\\/kde-nas-najdete\\\/#breadcrumb\",\"itemListElement\":[{\"@type\":\"ListItem\",\"position\":1,\"name\":\"Home\",\"item\":\"https:\\\/\\\/www.termalymalebielice.com\\\/cs\\\/\"},{\"@type\":\"ListItem\",\"position\":2,\"name\":\"Kde n\u00e1s najdete\"}]},{\"@type\":\"WebSite\",\"@id\":\"https:\\\/\\\/www.termalymalebielice.com\\\/cs\\\/#website\",\"url\":\"https:\\\/\\\/www.termalymalebielice.com\\\/cs\\\/\",\"name\":\"Termaly Male Bielice\",\"description\":\"\",\"potentialAction\":[{\"@type\":\"SearchAction\",\"target\":{\"@type\":\"EntryPoint\",\"urlTemplate\":\"https:\\\/\\\/www.termalymalebielice.com\\\/cs\\\/?s={search_term_string}\"},\"query-input\":{\"@type\":\"PropertyValueSpecification\",\"valueRequired\":true,\"valueName\":\"search_term_string\"}}],\"inLanguage\":\"cs\"}]}<\/script>\n<!-- \/ Yoast SEO plugin. -->","yoast_head_json":{"title":"Kde n\u00e1s najdete - Termaly Male Bielice -","description":"Mal\u00e9 Bielice u Partiz\u00e1nskeho nab\u00edz\u00ed t\u0159i prameny tepl\u00e9 miner\u00e1ln\u00ed vody a ide\u00e1ln\u00ed relaxaci v p\u0159\u00edrod\u011b se saunami a baz\u00e9ny.","robots":{"index":"index","follow":"follow","max-snippet":"max-snippet:-1","max-image-preview":"max-image-preview:large","max-video-preview":"max-video-preview:-1"},"canonical":"https:\/\/www.termalymalebielice.com\/cs\/kde-nas-najdete\/","og_locale":"cs_CZ","og_type":"article","og_title":"Kde n\u00e1s najdete - Termaly Male Bielice -","og_description":"Mal\u00e9 Bielice u Partiz\u00e1nskeho nab\u00edz\u00ed t\u0159i prameny tepl\u00e9 miner\u00e1ln\u00ed vody a ide\u00e1ln\u00ed relaxaci v p\u0159\u00edrod\u011b se saunami a baz\u00e9ny.","og_url":"https:\/\/www.termalymalebielice.com\/cs\/kde-nas-najdete\/","og_site_name":"Termaly Male Bielice","article_modified_time":"2025-05-20T07:46:09+00:00","twitter_card":"summary_large_image","twitter_misc":{"Odhadovan\u00e1 doba \u010dten\u00ed":"1 minuta"},"schema":{"@context":"https:\/\/schema.org","@graph":[{"@type":"WebPage","@id":"https:\/\/www.termalymalebielice.com\/cs\/kde-nas-najdete\/","url":"https:\/\/www.termalymalebielice.com\/cs\/kde-nas-najdete\/","name":"Kde n\u00e1s najdete - Termaly Male Bielice -","isPartOf":{"@id":"https:\/\/www.termalymalebielice.com\/cs\/#website"},"datePublished":"2023-12-21T15:25:09+00:00","dateModified":"2025-05-20T07:46:09+00:00","description":"Mal\u00e9 Bielice u Partiz\u00e1nskeho nab\u00edz\u00ed t\u0159i prameny tepl\u00e9 miner\u00e1ln\u00ed vody a ide\u00e1ln\u00ed relaxaci v p\u0159\u00edrod\u011b se saunami a baz\u00e9ny.","breadcrumb":{"@id":"https:\/\/www.termalymalebielice.com\/cs\/kde-nas-najdete\/#breadcrumb"},"inLanguage":"cs","potentialAction":[{"@type":"ReadAction","target":["https:\/\/www.termalymalebielice.com\/cs\/kde-nas-najdete\/"]}]},{"@type":"BreadcrumbList","@id":"https:\/\/www.termalymalebielice.com\/cs\/kde-nas-najdete\/#breadcrumb","itemListElement":[{"@type":"ListItem","position":1,"name":"Home","item":"https:\/\/www.termalymalebielice.com\/cs\/"},{"@type":"ListItem","position":2,"name":"Kde n\u00e1s najdete"}]},{"@type":"WebSite","@id":"https:\/\/www.termalymalebielice.com\/cs\/#website","url":"https:\/\/www.termalymalebielice.com\/cs\/","name":"Termaly Male Bielice","description":"","potentialAction":[{"@type":"SearchAction","target":{"@type":"EntryPoint","urlTemplate":"https:\/\/www.termalymalebielice.com\/cs\/?s={search_term_string}"},"query-input":{"@type":"PropertyValueSpecification","valueRequired":true,"valueName":"search_term_string"}}],"inLanguage":"cs"}]}},"acf":[],"_links":{"self":[{"href":"https:\/\/www.termalymalebielice.com\/cs\/wp-json\/wp\/v2\/pages\/710","targetHints":{"allow":["GET"]}}],"collection":[{"href":"https:\/\/www.termalymalebielice.com\/cs\/wp-json\/wp\/v2\/pages"}],"about":[{"href":"https:\/\/www.termalymalebielice.com\/cs\/wp-json\/wp\/v2\/types\/page"}],"author":[{"embeddable":true,"href":"https:\/\/www.termalymalebielice.com\/cs\/wp-json\/wp\/v2\/users\/46"}],"replies":[{"embeddable":true,"href":"https:\/\/www.termalymalebielice.com\/cs\/wp-json\/wp\/v2\/comments?post=710"}],"version-history":[{"count":0,"href":"https:\/\/www.termalymalebielice.com\/cs\/wp-json\/wp\/v2\/pages\/710\/revisions"}],"wp:attachment":[{"href":"https:\/\/www.termalymalebielice.com\/cs\/wp-json\/wp\/v2\/media?parent=710"}],"curies":[{"name":"wp","href":"https:\/\/api.w.org\/{rel}","templated":true}]}}

Kde nás najdete

<div class="n4sEPd">
<div class="FFpbKc"></div>
</div>
<div class="QcsUad BDJ8fb BLojaf sMVRZe hCXDsb wneUed">
<p class="oBOnKe" style="text-align: center"><span class="jCAhz" style="font-size: 16px"><span class="ryNqvb">Obec Malé Bielice je klidná, okrajová část města Partizánske, ležící 60 km od moravsko-slovenské hranice (přechod Malý Hrozenkov) přímo na trase Nitra-Prievidza.</span></span></p>
<p class="oBOnKe" style="text-align: center"><span class="jCAhz" style="font-size: 16px"><span class="ryNqvb">Wellness hotel vyrostl přímo v místech, kde přirozeně vyvěrá teplá minerální voda dosahující teploty až 39 stupňů Celsia.</span></span> <span class="jCAhz ChMk0b" style="font-size: 16px"><span class="ryNqvb">Balneologové zde objevili tři různé prameny, které mají velmi příznivé účinky zejména na pohybové ústrojí, nervový systém, rehabilitaci a regeneraci organismu. </span></span><span class="jCAhz ChMk0b" style="font-size: 16px"><span class="ryNqvb">Celkově lze říci, že Malé Bielice jsou ideálním místem pro ty, kteří hledají odpočinek ve spojení s přírodou na Slovensku.</span></span> <span class="jCAhz" style="font-size: 16px"><span class="ryNqvb">K dispozici jsou klidové, relaxační a relaxační bazény, toalety a sauny.</span></span> <span class="jCAhz ChMk0b" style="font-size: 16px"><span class="ryNqvb">Celý areál protíná malá parková promenáda.</span></span></p>
<p class="oBOnKe" style="text-align: center"><span class="jCAhz ChMk0b" style="font-size: 16px"><span class="ryNqvb">Příroda v Malých Bielicích je nádherná a nabízí možnosti pro pěší túru nebo túru na kole.</span></span> <span class="jCAhz ChMk0b" style="font-size: 16px"><span class="ryNqvb">Je to místo pro ty, kteří hledají klidnou a ničím nerušenou dovolenou. </span></span></p>
<p class="oBOnKe" style="text-align: center"><span class="jCAhz ChMk0b" style="font-size: 16px"><span class="ryNqvb">Pobyt na tomto místě přináší relaxační účinky pro tělo i duši&#8230;</span></span></p>
</div>

<p>Obec Malé Bielice je klidná, okrajová část města Partizánske, ležící 60 km od moravsko-slovenské hranice (přechod Malý Hrozenkov) přímo na trase Nitra-Prievidza. Wellness hotel vyrostl přímo v místech, kde přirozeně vyvěrá teplá minerální voda dosahující teploty až 39 stupňů Celsia. Balneologové zde objevili tři různé prameny, které mají velmi příznivé účinky zejména na pohybové ústrojí, [&hellip;]</p>

<!-- This site is optimized with the Yoast SEO plugin v27.3 - https://yoast.com/product/yoast-seo-wordpress/ -->
<title>Kde nás najdete - Termaly Male Bielice -</title>
<meta name="description" content="Malé Bielice u Partizánskeho nabízí tři prameny teplé minerální vody a ideální relaxaci v přírodě se saunami a bazény." />
<meta name="robots" content="index, follow, max-snippet:-1, max-image-preview:large, max-video-preview:-1" />
<link rel="canonical" href="https://www.termalymalebielice.com/cs/kde-nas-najdete/" />
<meta property="og:locale" content="cs_CZ" />
<meta property="og:type" content="article" />
<meta property="og:title" content="Kde nás najdete - Termaly Male Bielice -" />
<meta property="og:description" content="Malé Bielice u Partizánskeho nabízí tři prameny teplé minerální vody a ideální relaxaci v přírodě se saunami a bazény." />
<meta property="og:url" content="https://www.termalymalebielice.com/cs/kde-nas-najdete/" />
<meta property="og:site_name" content="Termaly Male Bielice" />
<meta property="article:modified_time" content="2025-05-20T07:46:09+00:00" />
<meta name="twitter:card" content="summary_large_image" />
<meta name="twitter:label1" content="Odhadovaná doba čtení" />
	<meta name="twitter:data1" content="1 minuta" />
<script type="application/ld+json" class="yoast-schema-graph">{"@context":"https:\/\/schema.org","@graph":[{"@type":"WebPage","@id":"https:\/\/www.termalymalebielice.com\/cs\/kde-nas-najdete\/","url":"https:\/\/www.termalymalebielice.com\/cs\/kde-nas-najdete\/","name":"Kde nás najdete - Termaly Male Bielice -","isPartOf":{"@id":"https:\/\/www.termalymalebielice.com\/cs\/#website"},"datePublished":"2023-12-21T15:25:09+00:00","dateModified":"2025-05-20T07:46:09+00:00","description":"Malé Bielice u Partizánskeho nabízí tři prameny teplé minerální vody a ideální relaxaci v přírodě se saunami a bazény.","breadcrumb":{"@id":"https:\/\/www.termalymalebielice.com\/cs\/kde-nas-najdete\/#breadcrumb"},"inLanguage":"cs","potentialAction":[{"@type":"ReadAction","target":["https:\/\/www.termalymalebielice.com\/cs\/kde-nas-najdete\/"]}]},{"@type":"BreadcrumbList","@id":"https:\/\/www.termalymalebielice.com\/cs\/kde-nas-najdete\/#breadcrumb","itemListElement":[{"@type":"ListItem","position":1,"name":"Home","item":"https:\/\/www.termalymalebielice.com\/cs\/"},{"@type":"ListItem","position":2,"name":"Kde nás najdete"}]},{"@type":"WebSite","@id":"https:\/\/www.termalymalebielice.com\/cs\/#website","url":"https:\/\/www.termalymalebielice.com\/cs\/","name":"Termaly Male Bielice","description":"","potentialAction":[{"@type":"SearchAction","target":{"@type":"EntryPoint","urlTemplate":"https:\/\/www.termalymalebielice.com\/cs\/?s={search_term_string}"},"query-input":{"@type":"PropertyValueSpecification","valueRequired":true,"valueName":"search_term_string"}}],"inLanguage":"cs"}]}</script>
<!-- / Yoast SEO plugin. -->

Kde nás najdete - Termaly Male Bielice -

Malé Bielice u Partizánskeho nabízí tři prameny teplé minerální vody a ideální relaxaci v přírodě se saunami a bazény.
