{"id":681,"date":"2023-12-18T11:22:38","date_gmt":"2023-12-18T11:22:38","guid":{"rendered":"https:\/\/www.termalymalebielice.com\/?page_id=681"},"modified":"2025-05-28T12:12:58","modified_gmt":"2025-05-28T12:12:58","slug":"pokoje","status":"publish","type":"page","link":"https:\/\/www.termalymalebielice.com\/cs\/pokoje\/","title":{"rendered":"Pokoje"},"content":{"rendered":"<p style=\"text-align: center\">Pro ty, kte\u0159\u00ed hledaj\u00ed m\u00edsto k odpo\u010dinku ve spojen\u00ed s p\u0159\u00edjemn\u00fdmi slu\u017ebami, zdvo\u0159il\u00fdm person\u00e1lem a relaxa\u010dn\u00edm vybaven\u00edm, slibuj\u00ed Term\u00e1ly Mal\u00e9 Bielice skute\u010dn\u011b \u017e\u00e1dan\u00fd bal\u00ed\u010dek. Ned\u00e1vno jsme nav\u00edc vybavili v\u0161echny hotelov\u00e9 pokoje nov\u00fdmi televizory s informa\u010dn\u00edm syst\u00e9mem a zavedli jsme elektronick\u00e9 kl\u00ed\u010de pro je\u0161t\u011b v\u011bt\u0161\u00ed pohodl\u00ed a bezpe\u010dnost na\u0161ich host\u016f.<\/p>\n","protected":false},"excerpt":{"rendered":"<p>Pro ty, kte\u0159\u00ed hledaj\u00ed m\u00edsto k odpo\u010dinku ve spojen\u00ed s p\u0159\u00edjemn\u00fdmi slu\u017ebami, zdvo\u0159il\u00fdm person\u00e1lem a relaxa\u010dn\u00edm vybaven\u00edm, slibuj\u00ed Term\u00e1ly Mal\u00e9 Bielice skute\u010dn\u011b \u017e\u00e1dan\u00fd bal\u00ed\u010dek. Ned\u00e1vno jsme nav\u00edc vybavili v\u0161echny hotelov\u00e9 pokoje nov\u00fdmi televizory s informa\u010dn\u00edm syst\u00e9mem a zavedli jsme elektronick\u00e9 kl\u00ed\u010de pro je\u0161t\u011b v\u011bt\u0161\u00ed pohodl\u00ed a bezpe\u010dnost na\u0161ich host\u016f.<\/p>\n","protected":false},"author":199,"featured_media":0,"parent":0,"menu_order":10,"comment_status":"closed","ping_status":"closed","template":"template-rooms.php","meta":{"footnotes":""},"yoast_head":"<!-- This site is optimized with the Yoast SEO plugin v22.3 - https:\/\/yoast.com\/wordpress\/plugins\/seo\/ -->\n<title>Pokoje - Termaly Male Bielice -<\/title>\n<meta name=\"description\" content=\"Term\u00e1ly Mal\u00e9 Bielice nab\u00edzej\u00ed ide\u00e1ln\u00ed m\u00edsto k odpo\u010dinku s p\u0159\u00edjemn\u00fdmi slu\u017ebami, mil\u00fdm person\u00e1lem a relaxem.\" \/>\n<meta name=\"robots\" content=\"index, follow, max-snippet:-1, max-image-preview:large, max-video-preview:-1\" \/>\n<link rel=\"canonical\" href=\"https:\/\/www.termalymalebielice.com\/cs\/pokoje\/\" \/>\n<meta property=\"og:locale\" content=\"cs_CZ\" \/>\n<meta property=\"og:type\" content=\"article\" \/>\n<meta property=\"og:title\" content=\"Pokoje - Termaly Male Bielice -\" \/>\n<meta property=\"og:description\" content=\"Term\u00e1ly Mal\u00e9 Bielice nab\u00edzej\u00ed ide\u00e1ln\u00ed m\u00edsto k odpo\u010dinku s p\u0159\u00edjemn\u00fdmi slu\u017ebami, mil\u00fdm person\u00e1lem a relaxem.\" \/>\n<meta property=\"og:url\" content=\"https:\/\/www.termalymalebielice.com\/cs\/pokoje\/\" \/>\n<meta property=\"og:site_name\" content=\"Termaly Male Bielice\" \/>\n<meta property=\"article:modified_time\" content=\"2025-05-28T12:12:58+00:00\" \/>\n<meta name=\"twitter:card\" content=\"summary_large_image\" \/>\n<meta name=\"twitter:label1\" content=\"Odhadovan\u00e1 doba \u010dten\u00ed\" \/>\n\t<meta name=\"twitter:data1\" content=\"1 minuta\" \/>\n<script type=\"application\/ld+json\" class=\"yoast-schema-graph\">{\"@context\":\"https:\/\/schema.org\",\"@graph\":[{\"@type\":\"WebPage\",\"@id\":\"https:\/\/www.termalymalebielice.com\/cs\/pokoje\/\",\"url\":\"https:\/\/www.termalymalebielice.com\/cs\/pokoje\/\",\"name\":\"Pokoje - Termaly Male Bielice -\",\"isPartOf\":{\"@id\":\"https:\/\/www.termalymalebielice.com\/cs\/#website\"},\"datePublished\":\"2023-12-18T11:22:38+00:00\",\"dateModified\":\"2025-05-28T12:12:58+00:00\",\"description\":\"Term\u00e1ly Mal\u00e9 Bielice nab\u00edzej\u00ed ide\u00e1ln\u00ed m\u00edsto k odpo\u010dinku s p\u0159\u00edjemn\u00fdmi slu\u017ebami, mil\u00fdm person\u00e1lem a relaxem.\",\"breadcrumb\":{\"@id\":\"https:\/\/www.termalymalebielice.com\/cs\/pokoje\/#breadcrumb\"},\"inLanguage\":\"cs\",\"potentialAction\":[{\"@type\":\"ReadAction\",\"target\":[\"https:\/\/www.termalymalebielice.com\/cs\/pokoje\/\"]}]},{\"@type\":\"BreadcrumbList\",\"@id\":\"https:\/\/www.termalymalebielice.com\/cs\/pokoje\/#breadcrumb\",\"itemListElement\":[{\"@type\":\"ListItem\",\"position\":1,\"name\":\"Home\",\"item\":\"https:\/\/www.termalymalebielice.com\/cs\/\"},{\"@type\":\"ListItem\",\"position\":2,\"name\":\"Pokoje\"}]},{\"@type\":\"WebSite\",\"@id\":\"https:\/\/www.termalymalebielice.com\/cs\/#website\",\"url\":\"https:\/\/www.termalymalebielice.com\/cs\/\",\"name\":\"Termaly Male Bielice\",\"description\":\"\",\"potentialAction\":[{\"@type\":\"SearchAction\",\"target\":{\"@type\":\"EntryPoint\",\"urlTemplate\":\"https:\/\/www.termalymalebielice.com\/cs\/?s={search_term_string}\"},\"query-input\":\"required name=search_term_string\"}],\"inLanguage\":\"cs\"}]}<\/script>\n<!-- \/ Yoast SEO plugin. -->","yoast_head_json":{"title":"Pokoje - Termaly Male Bielice -","description":"Term\u00e1ly Mal\u00e9 Bielice nab\u00edzej\u00ed ide\u00e1ln\u00ed m\u00edsto k odpo\u010dinku s p\u0159\u00edjemn\u00fdmi slu\u017ebami, mil\u00fdm person\u00e1lem a relaxem.","robots":{"index":"index","follow":"follow","max-snippet":"max-snippet:-1","max-image-preview":"max-image-preview:large","max-video-preview":"max-video-preview:-1"},"canonical":"https:\/\/www.termalymalebielice.com\/cs\/pokoje\/","og_locale":"cs_CZ","og_type":"article","og_title":"Pokoje - Termaly Male Bielice -","og_description":"Term\u00e1ly Mal\u00e9 Bielice nab\u00edzej\u00ed ide\u00e1ln\u00ed m\u00edsto k odpo\u010dinku s p\u0159\u00edjemn\u00fdmi slu\u017ebami, mil\u00fdm person\u00e1lem a relaxem.","og_url":"https:\/\/www.termalymalebielice.com\/cs\/pokoje\/","og_site_name":"Termaly Male Bielice","article_modified_time":"2025-05-28T12:12:58+00:00","twitter_card":"summary_large_image","twitter_misc":{"Odhadovan\u00e1 doba \u010dten\u00ed":"1 minuta"},"schema":{"@context":"https:\/\/schema.org","@graph":[{"@type":"WebPage","@id":"https:\/\/www.termalymalebielice.com\/cs\/pokoje\/","url":"https:\/\/www.termalymalebielice.com\/cs\/pokoje\/","name":"Pokoje - Termaly Male Bielice -","isPartOf":{"@id":"https:\/\/www.termalymalebielice.com\/cs\/#website"},"datePublished":"2023-12-18T11:22:38+00:00","dateModified":"2025-05-28T12:12:58+00:00","description":"Term\u00e1ly Mal\u00e9 Bielice nab\u00edzej\u00ed ide\u00e1ln\u00ed m\u00edsto k odpo\u010dinku s p\u0159\u00edjemn\u00fdmi slu\u017ebami, mil\u00fdm person\u00e1lem a relaxem.","breadcrumb":{"@id":"https:\/\/www.termalymalebielice.com\/cs\/pokoje\/#breadcrumb"},"inLanguage":"cs","potentialAction":[{"@type":"ReadAction","target":["https:\/\/www.termalymalebielice.com\/cs\/pokoje\/"]}]},{"@type":"BreadcrumbList","@id":"https:\/\/www.termalymalebielice.com\/cs\/pokoje\/#breadcrumb","itemListElement":[{"@type":"ListItem","position":1,"name":"Home","item":"https:\/\/www.termalymalebielice.com\/cs\/"},{"@type":"ListItem","position":2,"name":"Pokoje"}]},{"@type":"WebSite","@id":"https:\/\/www.termalymalebielice.com\/cs\/#website","url":"https:\/\/www.termalymalebielice.com\/cs\/","name":"Termaly Male Bielice","description":"","potentialAction":[{"@type":"SearchAction","target":{"@type":"EntryPoint","urlTemplate":"https:\/\/www.termalymalebielice.com\/cs\/?s={search_term_string}"},"query-input":"required name=search_term_string"}],"inLanguage":"cs"}]}},"acf":[],"_links":{"self":[{"href":"https:\/\/www.termalymalebielice.com\/cs\/wp-json\/wp\/v2\/pages\/681"}],"collection":[{"href":"https:\/\/www.termalymalebielice.com\/cs\/wp-json\/wp\/v2\/pages"}],"about":[{"href":"https:\/\/www.termalymalebielice.com\/cs\/wp-json\/wp\/v2\/types\/page"}],"author":[{"embeddable":true,"href":"https:\/\/www.termalymalebielice.com\/cs\/wp-json\/wp\/v2\/users\/199"}],"replies":[{"embeddable":true,"href":"https:\/\/www.termalymalebielice.com\/cs\/wp-json\/wp\/v2\/comments?post=681"}],"version-history":[{"count":0,"href":"https:\/\/www.termalymalebielice.com\/cs\/wp-json\/wp\/v2\/pages\/681\/revisions"}],"wp:attachment":[{"href":"https:\/\/www.termalymalebielice.com\/cs\/wp-json\/wp\/v2\/media?parent=681"}],"curies":[{"name":"wp","href":"https:\/\/api.w.org\/{rel}","templated":true}]}}

<p style="text-align: center">Pro ty, kteří hledají místo k odpočinku ve spojení s příjemnými službami, zdvořilým personálem a relaxačním vybavením, slibují Termály Malé Bielice skutečně žádaný balíček. Nedávno jsme navíc vybavili všechny hotelové pokoje novými televizory s informačním systémem a zavedli jsme elektronické klíče pro ještě větší pohodlí a bezpečnost našich hostů.</p>

<p>Pro ty, kteří hledají místo k odpočinku ve spojení s příjemnými službami, zdvořilým personálem a relaxačním vybavením, slibují Termály Malé Bielice skutečně žádaný balíček. Nedávno jsme navíc vybavili všechny hotelové pokoje novými televizory s informačním systémem a zavedli jsme elektronické klíče pro ještě větší pohodlí a bezpečnost našich hostů.</p>

<!-- This site is optimized with the Yoast SEO plugin v22.3 - https://yoast.com/wordpress/plugins/seo/ -->
<title>Pokoje - Termaly Male Bielice -</title>
<meta name="description" content="Termály Malé Bielice nabízejí ideální místo k odpočinku s příjemnými službami, milým personálem a relaxem." />
<meta name="robots" content="index, follow, max-snippet:-1, max-image-preview:large, max-video-preview:-1" />
<link rel="canonical" href="https://www.termalymalebielice.com/cs/pokoje/" />
<meta property="og:locale" content="cs_CZ" />
<meta property="og:type" content="article" />
<meta property="og:title" content="Pokoje - Termaly Male Bielice -" />
<meta property="og:description" content="Termály Malé Bielice nabízejí ideální místo k odpočinku s příjemnými službami, milým personálem a relaxem." />
<meta property="og:url" content="https://www.termalymalebielice.com/cs/pokoje/" />
<meta property="og:site_name" content="Termaly Male Bielice" />
<meta property="article:modified_time" content="2025-05-28T12:12:58+00:00" />
<meta name="twitter:card" content="summary_large_image" />
<meta name="twitter:label1" content="Odhadovaná doba čtení" />
	<meta name="twitter:data1" content="1 minuta" />
<script type="application/ld+json" class="yoast-schema-graph">{"@context":"https://schema.org","@graph":[{"@type":"WebPage","@id":"https://www.termalymalebielice.com/cs/pokoje/","url":"https://www.termalymalebielice.com/cs/pokoje/","name":"Pokoje - Termaly Male Bielice -","isPartOf":{"@id":"https://www.termalymalebielice.com/cs/#website"},"datePublished":"2023-12-18T11:22:38+00:00","dateModified":"2025-05-28T12:12:58+00:00","description":"Termály Malé Bielice nabízejí ideální místo k odpočinku s příjemnými službami, milým personálem a relaxem.","breadcrumb":{"@id":"https://www.termalymalebielice.com/cs/pokoje/#breadcrumb"},"inLanguage":"cs","potentialAction":[{"@type":"ReadAction","target":["https://www.termalymalebielice.com/cs/pokoje/"]}]},{"@type":"BreadcrumbList","@id":"https://www.termalymalebielice.com/cs/pokoje/#breadcrumb","itemListElement":[{"@type":"ListItem","position":1,"name":"Home","item":"https://www.termalymalebielice.com/cs/"},{"@type":"ListItem","position":2,"name":"Pokoje"}]},{"@type":"WebSite","@id":"https://www.termalymalebielice.com/cs/#website","url":"https://www.termalymalebielice.com/cs/","name":"Termaly Male Bielice","description":"","potentialAction":[{"@type":"SearchAction","target":{"@type":"EntryPoint","urlTemplate":"https://www.termalymalebielice.com/cs/?s={search_term_string}"},"query-input":"required name=search_term_string"}],"inLanguage":"cs"}]}</script>
<!-- / Yoast SEO plugin. -->

Termály Malé Bielice nabízejí ideální místo k odpočinku s příjemnými službami, milým personálem a relaxem.
